{"id":89,"date":"2020-03-06T16:35:01","date_gmt":"2020-03-06T15:35:01","guid":{"rendered":"https:\/\/www.terre-et-feu.com\/lille\/?page_id=89"},"modified":"2024-05-30T16:22:06","modified_gmt":"2024-05-30T14:22:06","slug":"stages","status":"publish","type":"page","link":"https:\/\/www.terre-et-feu.com\/lille\/stages\/","title":{"rendered":"STAGES"},"content":{"rendered":"<h2>STAGES D&rsquo;ART \u00e0 Lille<\/h2>\n<h1>STAGES de peinture, sculpture, modelage, dessin&#8230;<\/h1>\n<h1>STAGES de peinture, sculpture, modelage, dessin&#8230;<\/h1>\n<p>Stages d&rsquo;art pour d\u00e9butants et confirm\u00e9s &#8211; 75 avenue du Peuple Belge 59000 Lille.<br \/>\nS\u00e9lectionnez la discipline qui vous convient dans le filtre pour d\u00e9couvrir le stage et vous y inscrire :<\/p>\n<p><a data-value=\"*\" href=\"#\">All<\/a><a href=\"#\" data-value=\".term-3\" title=\"View all items filed under Dessin Peinture\">Dessin Peinture<\/a><\/p>\n<article id=\"post-1102\"><a><img fetchpriority=\"high\" decoding=\"async\" width=\"354\" height=\"349\" src=\"https:\/\/www.terre-et-feu.com\/lille\/wp-content\/uploads\/sites\/7\/2022\/06\/stage_impressionnistes.png\" alt=\"stage_impressionnistes\" loading=\"eager\" title=\"stage_impressionnistes\" data-no-lazy=\"1\" \/><\/a><\/p>\n<h3><a href=\"https:\/\/www.terre-et-feu.com\/lille\/stage-peinture-a-la-maniere-des-impressionnistes\/\" title=\"Stage Peinture : A la mani\u00e8re des impressionnistes\" rel=\"bookmark\">Stage Peinture : A la mani\u00e8re des impressionnistes<\/a><\/h3>\n<p><a href=\"https:\/\/www.terre-et-feu.com\/lille\/category\/dessin-peinture\/\">Dessin Peinture<\/a><!-- .lae-image-info --><\/p>\n<h3><a href=\"https:\/\/www.terre-et-feu.com\/lille\/stage-peinture-a-la-maniere-des-impressionnistes\/\" title=\"Stage Peinture : A la mani\u00e8re des impressionnistes\" rel=\"bookmark\">Stage Peinture : A la mani\u00e8re des impressionnistes<\/a><\/h3>\n<p>Stage de Peinture \u00e0 l&#8217;huile Du 24 au 28 avril de 14h00 \u00e0 17h00 INFOS PRATIQUES Du 24 au 28 avril 2023 de 14h00 \u00e0 17h00 CONTENUVenez vous initier \u00e0 la technique de la peinture \u00e0 l&#8217;huile en abordant le paysage, la nature morte, le portrait et le sujet libre. CONDITIONS D\u2019INSCRIPTIONInscription par correspondance ou [&hellip;]<\/article>\n<p><!-- .hentry --><\/p>\n<article id=\"post-501\"><a><img decoding=\"async\" width=\"354\" height=\"349\" src=\"https:\/\/www.terre-et-feu.com\/lille\/wp-content\/uploads\/sites\/7\/2022\/03\/romain-peint-huile-stage-2022_.png\" alt=\"_romain-peint-huile-stage-2022_\" loading=\"eager\" title=\"_romain-peint-huile-stage-2022_\" data-no-lazy=\"1\" \/><\/a><\/p>\n<h3><a href=\"https:\/\/www.terre-et-feu.com\/lille\/stage-dessin-fondamental\/\" title=\"Stage Dessin &#8211; Peinture\" rel=\"bookmark\">Stage Dessin &#8211; Peinture<\/a><\/h3>\n<p><a href=\"https:\/\/www.terre-et-feu.com\/lille\/category\/dessin-peinture\/\">Dessin Peinture<\/a><!-- .lae-image-info --><\/p>\n<h3><a href=\"https:\/\/www.terre-et-feu.com\/lille\/stage-dessin-fondamental\/\" title=\"Stage Dessin &#8211; Peinture\" rel=\"bookmark\">Stage Dessin &#8211; Peinture<\/a><\/h3>\n<p>Stage de Dessin fondamental Du du 17 au 21 avril 2023 de 14h \u00e0 17h INFOS PRATIQUES A partir de 14 ans.Du 17 au 21 avril 2023 de 9h30 \u00e0 12h30 CONTENUVenez vous initier aux fondamentaux du dessin en abordant la perspective, le portrait, le paysage, la nature morte&#8230; CONDITIONS D\u2019INSCRIPTIONInscription par correspondance ou sur [&hellip;]<\/article>\n<p><!-- .hentry --><\/p>\n<article id=\"post-305\"><a><img decoding=\"async\" width=\"354\" height=\"349\" src=\"https:\/\/www.terre-et-feu.com\/lille\/wp-content\/uploads\/sites\/7\/2021\/06\/couteau.png\" alt=\"couteau\" loading=\"eager\" title=\"couteau\" data-no-lazy=\"1\" \/><\/a><\/p>\n<h3><a href=\"https:\/\/www.terre-et-feu.com\/lille\/stage-peinture-couteau\/\" title=\"Stage Peinture : Couteau\" rel=\"bookmark\">Stage Peinture : Couteau<\/a><\/h3>\n<p><a href=\"https:\/\/www.terre-et-feu.com\/lille\/category\/dessin-peinture\/\">Dessin Peinture<\/a><!-- .lae-image-info --><\/p>\n<h3><a href=\"https:\/\/www.terre-et-feu.com\/lille\/stage-peinture-couteau\/\" title=\"Stage Peinture : Couteau\" rel=\"bookmark\">Stage Peinture : Couteau<\/a><\/h3>\n<p>Stage de Peinture : Couteau Du 17 au 21 avril 2023 de 14h \u00e0 17h INFOS PRATIQUES A partir de 14 ans.Du 17 au 21 avril de 14h \u00e0 17h CONTENUPeinture au couteau et acrylique sur le th\u00e8me du paysage citadin, maritime, forestier. CONDITIONS D\u2019INSCRIPTIONInscription par correspondance ou sur place d\u00e8s maintenant \u2013 TARIF : [&hellip;]<\/article>\n<p><!-- .hentry --><\/p>\n<article id=\"post-282\"><a><img decoding=\"async\" width=\"354\" height=\"349\" src=\"https:\/\/www.terre-et-feu.com\/lille\/wp-content\/uploads\/sites\/7\/2021\/06\/aquarelle.png\" alt=\"aquarelle\" loading=\"eager\" title=\"aquarelle\" data-no-lazy=\"1\" \/><\/a><\/p>\n<h3><a href=\"https:\/\/www.terre-et-feu.com\/lille\/stage-peinture-aquarelle\/\" title=\"Stage Peinture : Aquarelle\" rel=\"bookmark\">Stage Peinture : Aquarelle<\/a><\/h3>\n<p><a href=\"https:\/\/www.terre-et-feu.com\/lille\/category\/dessin-peinture\/\">Dessin Peinture<\/a><!-- .lae-image-info --><\/p>\n<h3><a href=\"https:\/\/www.terre-et-feu.com\/lille\/stage-peinture-aquarelle\/\" title=\"Stage Peinture : Aquarelle\" rel=\"bookmark\">Stage Peinture : Aquarelle<\/a><\/h3>\n<p>Stage de Peinture aquarelle Du 24 au 28 avril 2023 de 9h30 \u00e0 12h30 INFOS PRATIQUES Avec RomainA partir de 14 ans.Du 24 au 28 avril 2023 de 9h30 \u00e0 12h30 CONTENUVous aborderez divers sujets avec les techniques humides et s\u00e8ches sp\u00e9cifiques de l&#8217;aquarelle. CONDITIONS D\u2019INSCRIPTIONInscription par correspondance ou sur place d\u00e8s maintenant \u2013 TARIF [&hellip;]<\/article>\n<p><!-- .hentry --><\/p>\n<article id=\"post-259\"><a><img decoding=\"async\" width=\"354\" height=\"349\" src=\"https:\/\/www.terre-et-feu.com\/lille\/wp-content\/uploads\/sites\/7\/2021\/06\/BD-manga.png\" alt=\"BD-manga\" loading=\"eager\" title=\"BD-manga\" data-no-lazy=\"1\" \/><\/a><\/p>\n<h3><a href=\"https:\/\/www.terre-et-feu.com\/lille\/stage-bd-manga\/\" title=\"Stage BD Manga\" rel=\"bookmark\">Stage BD Manga<\/a><\/h3>\n<p><a href=\"https:\/\/www.terre-et-feu.com\/lille\/category\/dessin-peinture\/\">Dessin Peinture<\/a><!-- .lae-image-info --><\/p>\n<h3><a href=\"https:\/\/www.terre-et-feu.com\/lille\/stage-bd-manga\/\" title=\"Stage BD Manga\" rel=\"bookmark\">Stage BD Manga<\/a><\/h3>\n<p>Stage de BD Manga Du 17 au 21 avril 2023 de 9h30 \u00e0 12h30 INFOS PRATIQUES AVEC VINCENTTout Public : A partir de 7 ans.Du 17 au 21 avril 2023 de 9h30 \u00e0 12h30 CONTENUD\u00e9couverte de la cr\u00e9ation et de la composition d\u2019une BD &#8211; MANGAS. CONDITIONS D\u2019INSCRIPTIONInscription par correspondance ou sur place d\u00e8s maintenant [&hellip;]<\/article>\n<p><!-- .hentry --><!-- .lae-portfolio --><!-- .lae-portfolio-wrap --><\/p>\n","protected":false},"excerpt":{"rendered":"<p>STAGES D&rsquo;ART \u00e0 Lille STAGES de peinture, sculpture, modelage, dessin&#8230; STAGES de peinture, sculpture, modelage, dessin&#8230; Stages d&rsquo;art pour d\u00e9butants et confirm\u00e9s &#8211; 75 avenue du Peuple Belge 59000 Lille. S\u00e9lectionnez la discipline qui vous convient dans le filtre pour d\u00e9couvrir le stage et vous y inscrire : AllDessin Peinture Stage Peinture : A la [&hellip;]<\/p>\n","protected":false},"author":1,"featured_media":0,"parent":0,"menu_order":0,"comment_status":"closed","ping_status":"closed","template":"elementor_header_footer","meta":{"footnotes":""},"class_list":["post-89","page","type-page","status-publish","hentry"],"_links":{"self":[{"href":"https:\/\/www.terre-et-feu.com\/lille\/wp-json\/wp\/v2\/pages\/89","targetHints":{"allow":["GET"]}}],"collection":[{"href":"https:\/\/www.terre-et-feu.com\/lille\/wp-json\/wp\/v2\/pages"}],"about":[{"href":"https:\/\/www.terre-et-feu.com\/lille\/wp-json\/wp\/v2\/types\/page"}],"author":[{"embeddable":true,"href":"https:\/\/www.terre-et-feu.com\/lille\/wp-json\/wp\/v2\/users\/1"}],"replies":[{"embeddable":true,"href":"https:\/\/www.terre-et-feu.com\/lille\/wp-json\/wp\/v2\/comments?post=89"}],"version-history":[{"count":19,"href":"https:\/\/www.terre-et-feu.com\/lille\/wp-json\/wp\/v2\/pages\/89\/revisions"}],"predecessor-version":[{"id":1749,"href":"https:\/\/www.terre-et-feu.com\/lille\/wp-json\/wp\/v2\/pages\/89\/revisions\/1749"}],"wp:attachment":[{"href":"https:\/\/www.terre-et-feu.com\/lille\/wp-json\/wp\/v2\/media?parent=89"}],"curies":[{"name":"wp","href":"https:\/\/api.w.org\/{rel}","templated":true}]}}