{"id":10552,"date":"2025-05-22T17:09:37","date_gmt":"2025-05-22T15:09:37","guid":{"rendered":"https:\/\/www.terre-et-feu.com\/maisons-laffitte\/?page_id=10552"},"modified":"2026-03-24T17:05:46","modified_gmt":"2026-03-24T16:05:46","slug":"aquarelle-initiation-et-perfectionnement","status":"publish","type":"page","link":"https:\/\/www.terre-et-feu.com\/maisons-laffitte\/aquarelle-initiation-et-perfectionnement\/","title":{"rendered":"Aquarelle : initiation et perfectionnement"},"content":{"rendered":"\t\t<div data-elementor-type=\"wp-page\" data-elementor-id=\"10552\" class=\"elementor elementor-10552\" data-elementor-settings=\"{&quot;element_pack_global_tooltip_width&quot;:{&quot;unit&quot;:&quot;px&quot;,&quot;size&quot;:&quot;&quot;,&quot;sizes&quot;:[]},&quot;element_pack_global_tooltip_width_tablet&quot;:{&quot;unit&quot;:&quot;px&quot;,&quot;size&quot;:&quot;&quot;,&quot;sizes&quot;:[]},&quot;element_pack_global_tooltip_width_mobile&quot;:{&quot;unit&quot;:&quot;px&quot;,&quot;size&quot;:&quot;&quot;,&quot;sizes&quot;:[]},&quot;element_pack_global_tooltip_padding&quot;:{&quot;unit&quot;:&quot;px&quot;,&quot;top&quot;:&quot;&quot;,&quot;right&quot;:&quot;&quot;,&quot;bottom&quot;:&quot;&quot;,&quot;left&quot;:&quot;&quot;,&quot;isLinked&quot;:true},&quot;element_pack_global_tooltip_padding_tablet&quot;:{&quot;unit&quot;:&quot;px&quot;,&quot;top&quot;:&quot;&quot;,&quot;right&quot;:&quot;&quot;,&quot;bottom&quot;:&quot;&quot;,&quot;left&quot;:&quot;&quot;,&quot;isLinked&quot;:true},&quot;element_pack_global_tooltip_padding_mobile&quot;:{&quot;unit&quot;:&quot;px&quot;,&quot;top&quot;:&quot;&quot;,&quot;right&quot;:&quot;&quot;,&quot;bottom&quot;:&quot;&quot;,&quot;left&quot;:&quot;&quot;,&quot;isLinked&quot;:true},&quot;element_pack_global_tooltip_border_radius&quot;:{&quot;unit&quot;:&quot;px&quot;,&quot;top&quot;:&quot;&quot;,&quot;right&quot;:&quot;&quot;,&quot;bottom&quot;:&quot;&quot;,&quot;left&quot;:&quot;&quot;,&quot;isLinked&quot;:true},&quot;element_pack_global_tooltip_border_radius_tablet&quot;:{&quot;unit&quot;:&quot;px&quot;,&quot;top&quot;:&quot;&quot;,&quot;right&quot;:&quot;&quot;,&quot;bottom&quot;:&quot;&quot;,&quot;left&quot;:&quot;&quot;,&quot;isLinked&quot;:true},&quot;element_pack_global_tooltip_border_radius_mobile&quot;:{&quot;unit&quot;:&quot;px&quot;,&quot;top&quot;:&quot;&quot;,&quot;right&quot;:&quot;&quot;,&quot;bottom&quot;:&quot;&quot;,&quot;left&quot;:&quot;&quot;,&quot;isLinked&quot;:true}}\" data-elementor-post-type=\"page\">\n\t\t\t\t\t\t<section class=\"elementor-section elementor-top-section elementor-element elementor-element-73cf454 elementor-hidden-phone elementor-hidden-desktop elementor-section-boxed elementor-section-height-default elementor-section-height-default\" data-id=\"73cf454\" data-element_type=\"section\" data-e-type=\"section\">\n\t\t\t\t\t\t<div class=\"elementor-container elementor-column-gap-default\">\n\t\t\t\t\t<div class=\"elementor-column elementor-col-100 elementor-top-column elementor-element elementor-element-e05f265\" data-id=\"e05f265\" data-element_type=\"column\" data-e-type=\"column\">\n\t\t\t<div class=\"elementor-widget-wrap elementor-element-populated\">\n\t\t\t\t\t\t<div class=\"elementor-element elementor-element-0230b6c elementor-widget elementor-widget-spacer\" data-id=\"0230b6c\" data-element_type=\"widget\" data-e-type=\"widget\" data-widget_type=\"spacer.default\">\n\t\t\t\t\t\t\t<div class=\"elementor-spacer\">\n\t\t\t<div class=\"elementor-spacer-inner\"><\/div>\n\t\t<\/div>\n\t\t\t\t\t\t<\/div>\n\t\t\t\t\t<\/div>\n\t\t<\/div>\n\t\t\t\t\t<\/div>\n\t\t<\/section>\n\t\t\t\t<section class=\"elementor-section elementor-top-section elementor-element elementor-element-8c396db elementor-hidden-phone elementor-section-boxed elementor-section-height-default elementor-section-height-default\" data-id=\"8c396db\" data-element_type=\"section\" data-e-type=\"section\" data-settings=\"{&quot;background_background&quot;:&quot;classic&quot;}\">\n\t\t\t\t\t\t<div class=\"elementor-container elementor-column-gap-default\">\n\t\t\t\t\t<div class=\"elementor-column elementor-col-33 elementor-top-column elementor-element elementor-element-f42a77f\" data-id=\"f42a77f\" data-element_type=\"column\" data-e-type=\"column\">\n\t\t\t<div class=\"elementor-widget-wrap\">\n\t\t\t\t\t\t\t<\/div>\n\t\t<\/div>\n\t\t\t\t<div class=\"elementor-column elementor-col-33 elementor-top-column elementor-element elementor-element-33845a9\" data-id=\"33845a9\" data-element_type=\"column\" data-e-type=\"column\" data-settings=\"{&quot;background_background&quot;:&quot;classic&quot;}\">\n\t\t\t<div class=\"elementor-widget-wrap elementor-element-populated\">\n\t\t\t\t\t\t<div class=\"elementor-element elementor-element-70622d6 elementor-widget elementor-widget-spacer\" data-id=\"70622d6\" data-element_type=\"widget\" data-e-type=\"widget\" data-widget_type=\"spacer.default\">\n\t\t\t\t\t\t\t<div class=\"elementor-spacer\">\n\t\t\t<div class=\"elementor-spacer-inner\"><\/div>\n\t\t<\/div>\n\t\t\t\t\t\t<\/div>\n\t\t\t\t<div class=\"elementor-element elementor-element-f48d096 elementor-widget elementor-widget-heading\" data-id=\"f48d096\" data-element_type=\"widget\" data-e-type=\"widget\" data-widget_type=\"heading.default\">\n\t\t\t\t\t<h1 class=\"elementor-heading-title elementor-size-default\">Cours d'aquarelle \u00e0 Maisons-Laffitte<\/h1>\t\t\t\t<\/div>\n\t\t\t\t<div class=\"elementor-element elementor-element-1beba93 elementor-widget elementor-widget-spacer\" data-id=\"1beba93\" data-element_type=\"widget\" data-e-type=\"widget\" data-widget_type=\"spacer.default\">\n\t\t\t\t\t\t\t<div class=\"elementor-spacer\">\n\t\t\t<div class=\"elementor-spacer-inner\"><\/div>\n\t\t<\/div>\n\t\t\t\t\t\t<\/div>\n\t\t\t\t\t<\/div>\n\t\t<\/div>\n\t\t\t\t<div class=\"elementor-column elementor-col-33 elementor-top-column elementor-element elementor-element-21a40b9\" data-id=\"21a40b9\" data-element_type=\"column\" data-e-type=\"column\">\n\t\t\t<div class=\"elementor-widget-wrap\">\n\t\t\t\t\t\t\t<\/div>\n\t\t<\/div>\n\t\t\t\t\t<\/div>\n\t\t<\/section>\n\t\t\t\t<section class=\"elementor-section elementor-top-section elementor-element elementor-element-1d42bf2 elementor-section-boxed elementor-section-height-default elementor-section-height-default\" data-id=\"1d42bf2\" data-element_type=\"section\" data-e-type=\"section\">\n\t\t\t\t\t\t<div class=\"elementor-container elementor-column-gap-default\">\n\t\t\t\t\t<div class=\"elementor-column elementor-col-33 elementor-top-column elementor-element elementor-element-5eb5b70\" data-id=\"5eb5b70\" data-element_type=\"column\" data-e-type=\"column\">\n\t\t\t<div class=\"elementor-widget-wrap\">\n\t\t\t\t\t\t\t<\/div>\n\t\t<\/div>\n\t\t\t\t<div class=\"elementor-column elementor-col-33 elementor-top-column elementor-element elementor-element-3b8f1af\" data-id=\"3b8f1af\" data-element_type=\"column\" data-e-type=\"column\">\n\t\t\t<div class=\"elementor-widget-wrap elementor-element-populated\">\n\t\t\t\t\t\t<div class=\"elementor-element elementor-element-c184be0 elementor-hidden-phone elementor-widget elementor-widget-heading\" data-id=\"c184be0\" data-element_type=\"widget\" data-e-type=\"widget\" data-widget_type=\"heading.default\">\n\t\t\t\t\t<h2 class=\"elementor-heading-title elementor-size-medium\">Cours d\u2019Aquarelle : initiation et perfectionnement<\/h2>\t\t\t\t<\/div>\n\t\t\t\t<div class=\"elementor-element elementor-element-8ba92fe elementor-hidden-desktop elementor-hidden-tablet elementor-widget elementor-widget-heading\" data-id=\"8ba92fe\" data-element_type=\"widget\" data-e-type=\"widget\" data-widget_type=\"heading.default\">\n\t\t\t\t\t<h1 class=\"elementor-heading-title elementor-size-default\">Cours d\u2019Aquarelle <\/h1>\t\t\t\t<\/div>\n\t\t\t\t<div class=\"elementor-element elementor-element-cfd22dd elementor-widget elementor-widget-text-editor\" data-id=\"cfd22dd\" data-element_type=\"widget\" data-e-type=\"widget\" data-widget_type=\"text-editor.default\">\n\t\t\t\t\t\t\t\t\t<p>Ouvert \u00e0 tout public souhaitant d\u00e9couvrir ou renforcer ses acquis techniques dans la ma\u00eetrise de l\u2019aquarelle, tout en consolidant les bases du dessin et en affirmant son \u00e9criture personnelle. Ce cours tr\u00e8s polyvalent am\u00e8ne \u00e0 nourrir une culture visuelle, et \u00e0 d\u00e9velopper son imaginaire.<\/p>\t\t\t\t\t\t\t\t<\/div>\n\t\t\t\t<div class=\"elementor-element elementor-element-294e530 elementor-widget elementor-widget-heading\" data-id=\"294e530\" data-element_type=\"widget\" data-e-type=\"widget\" data-widget_type=\"heading.default\">\n\t\t\t\t\t<h3 class=\"elementor-heading-title elementor-size-medium\">Objectifs du cours d'aquarelle<\/h3>\t\t\t\t<\/div>\n\t\t\t\t<section class=\"elementor-section elementor-inner-section elementor-element elementor-element-ed3ef4a elementor-section-boxed elementor-section-height-default elementor-section-height-default\" data-id=\"ed3ef4a\" data-element_type=\"section\" data-e-type=\"section\">\n\t\t\t\t\t\t<div class=\"elementor-container elementor-column-gap-default\">\n\t\t\t\t\t<div class=\"elementor-column elementor-col-50 elementor-inner-column elementor-element elementor-element-6ba7b28\" data-id=\"6ba7b28\" data-element_type=\"column\" data-e-type=\"column\">\n\t\t\t<div class=\"elementor-widget-wrap elementor-element-populated\">\n\t\t\t\t\t\t<div class=\"elementor-element elementor-element-2240114 elementor-widget elementor-widget-image\" data-id=\"2240114\" data-element_type=\"widget\" data-e-type=\"widget\" data-widget_type=\"image.default\">\n\t\t\t\t\t\t\t\t\t\t\t\t\t\t\t<img fetchpriority=\"high\" decoding=\"async\" width=\"913\" height=\"743\" src=\"https:\/\/www.terre-et-feu.com\/maisons-laffitte\/wp-content\/uploads\/sites\/6\/2025\/05\/zoom-aquarelle.jpg\" class=\"attachment-full size-full wp-image-10837\" alt=\"Cours d&#039;aquarelle zoom \u2014 Ateliers Terre et Feu Maisons-Laffitte\" srcset=\"https:\/\/www.terre-et-feu.com\/maisons-laffitte\/wp-content\/uploads\/sites\/6\/2025\/05\/zoom-aquarelle.jpg 913w, https:\/\/www.terre-et-feu.com\/maisons-laffitte\/wp-content\/uploads\/sites\/6\/2025\/05\/zoom-aquarelle-147x120.jpg 147w, https:\/\/www.terre-et-feu.com\/maisons-laffitte\/wp-content\/uploads\/sites\/6\/2025\/05\/zoom-aquarelle-768x625.jpg 768w\" sizes=\"(max-width: 913px) 100vw, 913px\" \/>\t\t\t\t\t\t\t\t\t\t\t\t\t\t\t<\/div>\n\t\t\t\t\t<\/div>\n\t\t<\/div>\n\t\t\t\t<div class=\"elementor-column elementor-col-50 elementor-inner-column elementor-element elementor-element-e28a655\" data-id=\"e28a655\" data-element_type=\"column\" data-e-type=\"column\">\n\t\t\t<div class=\"elementor-widget-wrap elementor-element-populated\">\n\t\t\t\t\t\t<div class=\"elementor-element elementor-element-40cd4a7 elementor-widget elementor-widget-text-editor\" data-id=\"40cd4a7\" data-element_type=\"widget\" data-e-type=\"widget\" data-widget_type=\"text-editor.default\">\n\t\t\t\t\t\t\t\t\t<ul><li>Travailler les bases du dessin (proportions, raccourcis, perspective, etc). Former l\u2019oeil, apprendre \u00e0 voir, \u00e0 regarder, travailler le dessin d\u2019observation.<\/li><li>D\u00e9couvrir, approfondir diff\u00e9rentes techniques de base de l\u2019aquarelle.<\/li><li>S\u2019inspirer de r\u00e9f\u00e9rences artistiques pour les revisiter, nourrir sa culture visuelle.<\/li><li>D\u00e9velopper, tester, exp\u00e9rimenter des techniques mixtes avec l\u2019aquarelle : aquarelle et collage, stylo, crayon de couleur, etc.<\/li><li>D\u00e9velopper un univers personnel (ne plus \u00eatre dans la copie) : \u00e0 partir d\u2019un th\u00e8me, l\u2019\u00e9l\u00e8ve devra proposer une \u0153uvre graphique personnelle, rechercher une composition, une harmonie color\u00e9e. L\u2019\u00e9l\u00e8ve sera guid\u00e9 dans l\u2019expression de son art.<\/li><\/ul>\t\t\t\t\t\t\t\t<\/div>\n\t\t\t\t<div class=\"elementor-element elementor-element-dd3aff1 elementor-align-left elementor-mobile-align-center elementor-widget elementor-widget-button\" data-id=\"dd3aff1\" data-element_type=\"widget\" data-e-type=\"widget\" data-widget_type=\"button.default\">\n\t\t\t\t\t\t\t\t\t\t<a class=\"elementor-button elementor-button-link elementor-size-sm\" href=\"https:\/\/www.terre-et-feu.com\/maisons-laffitte\/wp-content\/uploads\/sites\/6\/2025\/05\/Inscription-Peinture-Dessin-2025-2026-1.pdf\" target=\"_blank\">\n\t\t\t\t\t\t<span class=\"elementor-button-content-wrapper\">\n\t\t\t\t\t\t\t\t\t<span class=\"elementor-button-text\">S'INSCRIRE AU COURS<\/span>\n\t\t\t\t\t<\/span>\n\t\t\t\t\t<\/a>\n\t\t\t\t\t\t\t\t<\/div>\n\t\t\t\t\t<\/div>\n\t\t<\/div>\n\t\t\t\t\t<\/div>\n\t\t<\/section>\n\t\t\t\t<section class=\"elementor-section elementor-inner-section elementor-element elementor-element-b811613 elementor-section-boxed elementor-section-height-default elementor-section-height-default\" data-id=\"b811613\" data-element_type=\"section\" data-e-type=\"section\">\n\t\t\t\t\t\t<div class=\"elementor-container elementor-column-gap-default\">\n\t\t\t\t\t<div class=\"elementor-column elementor-col-100 elementor-inner-column elementor-element elementor-element-f8e83af\" data-id=\"f8e83af\" data-element_type=\"column\" data-e-type=\"column\">\n\t\t\t<div class=\"elementor-widget-wrap elementor-element-populated\">\n\t\t\t\t\t\t<div class=\"elementor-element elementor-element-c38960f elementor-widget elementor-widget-heading\" data-id=\"c38960f\" data-element_type=\"widget\" data-e-type=\"widget\" data-widget_type=\"heading.default\">\n\t\t\t\t\t<h3 class=\"elementor-heading-title elementor-size-medium\">D\u00e9roulement du cours d'initiation ou perfectionnement \u00e0 la technique de l'aquarelle<\/h3>\t\t\t\t<\/div>\n\t\t\t\t<div class=\"elementor-element elementor-element-650e04c elementor-widget elementor-widget-image\" data-id=\"650e04c\" data-element_type=\"widget\" data-e-type=\"widget\" data-widget_type=\"image.default\">\n\t\t\t\t\t\t\t\t\t\t\t\t\t\t\t<img decoding=\"async\" width=\"2560\" height=\"1439\" src=\"https:\/\/www.terre-et-feu.com\/maisons-laffitte\/wp-content\/uploads\/sites\/6\/2025\/05\/DSC_6133-scaled.jpg\" class=\"attachment-full size-full wp-image-10828\" alt=\"Cours de peinture Maisons-Laffitte \u2014 Ateliers Terre et Feu\" srcset=\"https:\/\/www.terre-et-feu.com\/maisons-laffitte\/wp-content\/uploads\/sites\/6\/2025\/05\/DSC_6133-scaled.jpg 2560w, https:\/\/www.terre-et-feu.com\/maisons-laffitte\/wp-content\/uploads\/sites\/6\/2025\/05\/DSC_6133-768x432.jpg 768w, https:\/\/www.terre-et-feu.com\/maisons-laffitte\/wp-content\/uploads\/sites\/6\/2025\/05\/DSC_6133-1536x864.jpg 1536w, https:\/\/www.terre-et-feu.com\/maisons-laffitte\/wp-content\/uploads\/sites\/6\/2025\/05\/DSC_6133-2048x1151.jpg 2048w\" sizes=\"(max-width: 2560px) 100vw, 2560px\" \/>\t\t\t\t\t\t\t\t\t\t\t\t\t\t\t<\/div>\n\t\t\t\t<div class=\"elementor-element elementor-element-c87b40d elementor-widget elementor-widget-text-editor\" data-id=\"c87b40d\" data-element_type=\"widget\" data-e-type=\"widget\" data-widget_type=\"text-editor.default\">\n\t\t\t\t\t\t\t\t\t<p>On \u00e9volue des s\u00e9ances d\u2019entrainement technique vers le d\u00e9veloppement de productions personnelles, avec une ouverture sur le mix media au 3e trimestre. L\u2019enseignement repose sur un suivi individualis\u00e9 inclus dans une dynamique de groupe. G\u00e9n\u00e9ralement un sujet commun est propos\u00e9 en d\u00e9but de s\u00e9ance. Le sujet est un point de d\u00e9part. Au troisi\u00e8me<br \/>trimestre les \u00e9l\u00e8ves pourront choisir un projet personnel \u00e0 d\u00e9velopper.<\/p>\t\t\t\t\t\t\t\t<\/div>\n\t\t\t\t\t<\/div>\n\t\t<\/div>\n\t\t\t\t\t<\/div>\n\t\t<\/section>\n\t\t\t\t<div class=\"elementor-element elementor-element-7c1dace elementor-widget elementor-widget-heading\" data-id=\"7c1dace\" data-element_type=\"widget\" data-e-type=\"widget\" data-widget_type=\"heading.default\">\n\t\t\t\t\t<h2 class=\"elementor-heading-title elementor-size-medium\">PLANNING 2025 - 2026<\/h2>\t\t\t\t<\/div>\n\t\t\t\t<div class=\"elementor-element elementor-element-1904030 elementor-tabs-view-horizontal elementor-widget elementor-widget-tabs\" data-id=\"1904030\" data-element_type=\"widget\" data-e-type=\"widget\" data-widget_type=\"tabs.default\">\n\t\t\t\t\t\t\t<div class=\"elementor-tabs\">\n\t\t\t<div class=\"elementor-tabs-wrapper\" role=\"tablist\" >\n\t\t\t\t\t\t\t\t\t<div id=\"elementor-tab-title-2621\" class=\"elementor-tab-title elementor-tab-desktop-title\" aria-selected=\"true\" data-tab=\"1\" role=\"tab\" tabindex=\"0\" aria-controls=\"elementor-tab-content-2621\" aria-expanded=\"false\">SAMEDI<\/div>\n\t\t\t\t\t\t\t<\/div>\n\t\t\t<div class=\"elementor-tabs-content-wrapper\" role=\"tablist\" aria-orientation=\"vertical\">\n\t\t\t\t\t\t\t\t\t<div class=\"elementor-tab-title elementor-tab-mobile-title\" aria-selected=\"true\" data-tab=\"1\" role=\"tab\" tabindex=\"0\" aria-controls=\"elementor-tab-content-2621\" aria-expanded=\"false\">SAMEDI<\/div>\n\t\t\t\t\t<div id=\"elementor-tab-content-2621\" class=\"elementor-tab-content elementor-clearfix\" data-tab=\"1\" role=\"tabpanel\" aria-labelledby=\"elementor-tab-title-2621\" tabindex=\"0\" hidden=\"false\"><table><tbody><tr><td width=\"113\">de 10h00 \u00e0 13h00<\/td><td width=\"490\"><strong>Aquarelle et Dessin<\/strong><br \/>Cours de 3h<\/td><\/tr><\/tbody><\/table><\/div>\n\t\t\t\t\t\t\t<\/div>\n\t\t<\/div>\n\t\t\t\t\t\t<\/div>\n\t\t\t\t<div class=\"elementor-element elementor-element-115f6b8 elementor-widget elementor-widget-heading\" data-id=\"115f6b8\" data-element_type=\"widget\" data-e-type=\"widget\" data-widget_type=\"heading.default\">\n\t\t\t\t\t<h2 class=\"elementor-heading-title elementor-size-medium\">TARIFS <\/h2>\t\t\t\t<\/div>\n\t\t\t\t<div class=\"elementor-element elementor-element-c9d5da0 elementor-widget elementor-widget-text-editor\" data-id=\"c9d5da0\" data-element_type=\"widget\" data-e-type=\"widget\" data-widget_type=\"text-editor.default\">\n\t\t\t\t\t\t\t\t\t<p>Tarifs remis\u00e9s pour financement \u00e0 titre individuel. <br>Si financement par un tiers (OPCO, P\u00f4le Emploi&#8230;) Tarif de 25\u20ac \/ heure.<\/p>\t\t\t\t\t\t\t\t<\/div>\n\t\t\t\t<section class=\"elementor-section elementor-inner-section elementor-element elementor-element-f6f1f86 elementor-section-boxed elementor-section-height-default elementor-section-height-default\" data-id=\"f6f1f86\" data-element_type=\"section\" data-e-type=\"section\">\n\t\t\t\t\t\t<div class=\"elementor-container elementor-column-gap-default\">\n\t\t\t\t\t<div class=\"elementor-column elementor-col-50 elementor-inner-column elementor-element elementor-element-07e866f\" data-id=\"07e866f\" data-element_type=\"column\" data-e-type=\"column\">\n\t\t\t<div class=\"elementor-widget-wrap elementor-element-populated\">\n\t\t\t\t\t\t<div class=\"elementor-element elementor-element-ec89383 elementor-widget elementor-widget-heading\" data-id=\"ec89383\" data-element_type=\"widget\" data-e-type=\"widget\" data-widget_type=\"heading.default\">\n\t\t\t\t\t<h3 class=\"elementor-heading-title elementor-size-default\">AQUARELLE 3H<\/h3>\t\t\t\t<\/div>\n\t\t\t\t<div class=\"elementor-element elementor-element-95d8d8f elementor-widget elementor-widget-text-editor\" data-id=\"95d8d8f\" data-element_type=\"widget\" data-e-type=\"widget\" data-widget_type=\"text-editor.default\">\n\t\t\t\t\t\t\t\t\t<p>Ann\u00e9e (35 s\u00e9ances)<br \/><strong>3 paiements de 487\u20ac\u00a0<\/strong><br \/>soit 13,91 \u20ac\/h<\/p>\t\t\t\t\t\t\t\t<\/div>\n\t\t\t\t<div class=\"elementor-element elementor-element-856c6ff elementor-widget elementor-widget-text-editor\" data-id=\"856c6ff\" data-element_type=\"widget\" data-e-type=\"widget\" data-widget_type=\"text-editor.default\">\n\t\t\t\t\t\t\t\t\t<p>Trimestre (12 s\u00e9ances)<br \/><strong>549\u20ac\u00a0<\/strong><br \/>soit 15,25 \u20ac\/h<\/p>\t\t\t\t\t\t\t\t<\/div>\n\t\t\t\t<div class=\"elementor-element elementor-element-936e2d0 elementor-align-center elementor-widget elementor-widget-button\" data-id=\"936e2d0\" data-element_type=\"widget\" data-e-type=\"widget\" data-widget_type=\"button.default\">\n\t\t\t\t\t\t\t\t\t\t<a class=\"elementor-button elementor-button-link elementor-size-sm\" href=\"https:\/\/www.terre-et-feu.com\/maisons-laffitte\/wp-content\/uploads\/sites\/6\/2025\/05\/Inscription-Peinture-Dessin-2025-2026-1.pdf\" target=\"_blank\">\n\t\t\t\t\t\t<span class=\"elementor-button-content-wrapper\">\n\t\t\t\t\t\t\t\t\t<span class=\"elementor-button-text\">S'INSCRIRE AU COURS<\/span>\n\t\t\t\t\t<\/span>\n\t\t\t\t\t<\/a>\n\t\t\t\t\t\t\t\t<\/div>\n\t\t\t\t\t<\/div>\n\t\t<\/div>\n\t\t\t\t<div class=\"elementor-column elementor-col-50 elementor-inner-column elementor-element elementor-element-63aa01c\" data-id=\"63aa01c\" data-element_type=\"column\" data-e-type=\"column\">\n\t\t\t<div class=\"elementor-widget-wrap\">\n\t\t\t\t\t\t\t<\/div>\n\t\t<\/div>\n\t\t\t\t\t<\/div>\n\t\t<\/section>\n\t\t\t\t\t<\/div>\n\t\t<\/div>\n\t\t\t\t<div class=\"elementor-column elementor-col-33 elementor-top-column elementor-element elementor-element-b2a57c2\" data-id=\"b2a57c2\" data-element_type=\"column\" data-e-type=\"column\">\n\t\t\t<div class=\"elementor-widget-wrap\">\n\t\t\t\t\t\t\t<\/div>\n\t\t<\/div>\n\t\t\t\t\t<\/div>\n\t\t<\/section>\n\t\t\t\t<\/div>\n\t\t","protected":false},"excerpt":{"rendered":"<p>Cours d&rsquo;aquarelle \u00e0 Maisons-Laffitte Cours d\u2019Aquarelle : initiation et perfectionnement Cours d\u2019Aquarelle Ouvert \u00e0 tout public souhaitant d\u00e9couvrir ou renforcer ses acquis techniques dans la ma\u00eetrise de l\u2019aquarelle, tout en consolidant les bases du dessin et en affirmant son \u00e9criture personnelle. Ce cours tr\u00e8s polyvalent am\u00e8ne \u00e0 nourrir une culture visuelle, et \u00e0 d\u00e9velopper son [&hellip;]<\/p>\n","protected":false},"author":1,"featured_media":0,"parent":0,"menu_order":0,"comment_status":"closed","ping_status":"closed","template":"elementor_header_footer","meta":{"_acf_changed":false,"footnotes":""},"class_list":["post-10552","page","type-page","status-publish","hentry"],"acf":[],"aioseo_notices":[],"_links":{"self":[{"href":"https:\/\/www.terre-et-feu.com\/maisons-laffitte\/wp-json\/wp\/v2\/pages\/10552","targetHints":{"allow":["GET"]}}],"collection":[{"href":"https:\/\/www.terre-et-feu.com\/maisons-laffitte\/wp-json\/wp\/v2\/pages"}],"about":[{"href":"https:\/\/www.terre-et-feu.com\/maisons-laffitte\/wp-json\/wp\/v2\/types\/page"}],"author":[{"embeddable":true,"href":"https:\/\/www.terre-et-feu.com\/maisons-laffitte\/wp-json\/wp\/v2\/users\/1"}],"replies":[{"embeddable":true,"href":"https:\/\/www.terre-et-feu.com\/maisons-laffitte\/wp-json\/wp\/v2\/comments?post=10552"}],"version-history":[{"count":22,"href":"https:\/\/www.terre-et-feu.com\/maisons-laffitte\/wp-json\/wp\/v2\/pages\/10552\/revisions"}],"predecessor-version":[{"id":11488,"href":"https:\/\/www.terre-et-feu.com\/maisons-laffitte\/wp-json\/wp\/v2\/pages\/10552\/revisions\/11488"}],"wp:attachment":[{"href":"https:\/\/www.terre-et-feu.com\/maisons-laffitte\/wp-json\/wp\/v2\/media?parent=10552"}],"curies":[{"name":"wp","href":"https:\/\/api.w.org\/{rel}","templated":true}]}}