{"id":10891,"date":"2025-07-08T11:03:10","date_gmt":"2025-07-08T09:03:10","guid":{"rendered":"https:\/\/www.terre-et-feu.com\/maisons-laffitte\/?page_id=10891"},"modified":"2026-03-24T16:16:22","modified_gmt":"2026-03-24T15:16:22","slug":"techniques-de-sculpture","status":"publish","type":"page","link":"https:\/\/www.terre-et-feu.com\/maisons-laffitte\/techniques-de-sculpture\/","title":{"rendered":"Techniques de sculpture"},"content":{"rendered":"\t\t<div data-elementor-type=\"wp-page\" data-elementor-id=\"10891\" class=\"elementor elementor-10891\" data-elementor-settings=\"{&quot;element_pack_global_tooltip_width&quot;:{&quot;unit&quot;:&quot;px&quot;,&quot;size&quot;:&quot;&quot;,&quot;sizes&quot;:[]},&quot;element_pack_global_tooltip_width_tablet&quot;:{&quot;unit&quot;:&quot;px&quot;,&quot;size&quot;:&quot;&quot;,&quot;sizes&quot;:[]},&quot;element_pack_global_tooltip_width_mobile&quot;:{&quot;unit&quot;:&quot;px&quot;,&quot;size&quot;:&quot;&quot;,&quot;sizes&quot;:[]},&quot;element_pack_global_tooltip_padding&quot;:{&quot;unit&quot;:&quot;px&quot;,&quot;top&quot;:&quot;&quot;,&quot;right&quot;:&quot;&quot;,&quot;bottom&quot;:&quot;&quot;,&quot;left&quot;:&quot;&quot;,&quot;isLinked&quot;:true},&quot;element_pack_global_tooltip_padding_tablet&quot;:{&quot;unit&quot;:&quot;px&quot;,&quot;top&quot;:&quot;&quot;,&quot;right&quot;:&quot;&quot;,&quot;bottom&quot;:&quot;&quot;,&quot;left&quot;:&quot;&quot;,&quot;isLinked&quot;:true},&quot;element_pack_global_tooltip_padding_mobile&quot;:{&quot;unit&quot;:&quot;px&quot;,&quot;top&quot;:&quot;&quot;,&quot;right&quot;:&quot;&quot;,&quot;bottom&quot;:&quot;&quot;,&quot;left&quot;:&quot;&quot;,&quot;isLinked&quot;:true},&quot;element_pack_global_tooltip_border_radius&quot;:{&quot;unit&quot;:&quot;px&quot;,&quot;top&quot;:&quot;&quot;,&quot;right&quot;:&quot;&quot;,&quot;bottom&quot;:&quot;&quot;,&quot;left&quot;:&quot;&quot;,&quot;isLinked&quot;:true},&quot;element_pack_global_tooltip_border_radius_tablet&quot;:{&quot;unit&quot;:&quot;px&quot;,&quot;top&quot;:&quot;&quot;,&quot;right&quot;:&quot;&quot;,&quot;bottom&quot;:&quot;&quot;,&quot;left&quot;:&quot;&quot;,&quot;isLinked&quot;:true},&quot;element_pack_global_tooltip_border_radius_mobile&quot;:{&quot;unit&quot;:&quot;px&quot;,&quot;top&quot;:&quot;&quot;,&quot;right&quot;:&quot;&quot;,&quot;bottom&quot;:&quot;&quot;,&quot;left&quot;:&quot;&quot;,&quot;isLinked&quot;:true}}\" data-elementor-post-type=\"page\">\n\t\t\t\t\t\t<section class=\"elementor-section elementor-top-section elementor-element elementor-element-f3e00ba elementor-hidden-phone elementor-hidden-desktop elementor-section-boxed elementor-section-height-default elementor-section-height-default\" data-id=\"f3e00ba\" data-element_type=\"section\" data-e-type=\"section\">\n\t\t\t\t\t\t<div class=\"elementor-container elementor-column-gap-default\">\n\t\t\t\t\t<div class=\"elementor-column elementor-col-100 elementor-top-column elementor-element elementor-element-5f9bf53\" data-id=\"5f9bf53\" data-element_type=\"column\" data-e-type=\"column\">\n\t\t\t<div class=\"elementor-widget-wrap elementor-element-populated\">\n\t\t\t\t\t\t<div class=\"elementor-element elementor-element-d875b4e elementor-widget elementor-widget-spacer\" data-id=\"d875b4e\" data-element_type=\"widget\" data-e-type=\"widget\" data-widget_type=\"spacer.default\">\n\t\t\t\t\t\t\t<div class=\"elementor-spacer\">\n\t\t\t<div class=\"elementor-spacer-inner\"><\/div>\n\t\t<\/div>\n\t\t\t\t\t\t<\/div>\n\t\t\t\t\t<\/div>\n\t\t<\/div>\n\t\t\t\t\t<\/div>\n\t\t<\/section>\n\t\t\t\t<section class=\"elementor-section elementor-top-section elementor-element elementor-element-917afa1 elementor-hidden-phone elementor-section-boxed elementor-section-height-default elementor-section-height-default\" data-id=\"917afa1\" data-element_type=\"section\" data-e-type=\"section\" data-settings=\"{&quot;background_background&quot;:&quot;classic&quot;}\">\n\t\t\t\t\t\t<div class=\"elementor-container elementor-column-gap-default\">\n\t\t\t\t\t<div class=\"elementor-column elementor-col-33 elementor-top-column elementor-element elementor-element-df54e4f\" data-id=\"df54e4f\" data-element_type=\"column\" data-e-type=\"column\">\n\t\t\t<div class=\"elementor-widget-wrap\">\n\t\t\t\t\t\t\t<\/div>\n\t\t<\/div>\n\t\t\t\t<div class=\"elementor-column elementor-col-33 elementor-top-column elementor-element elementor-element-8310459\" data-id=\"8310459\" data-element_type=\"column\" data-e-type=\"column\" data-settings=\"{&quot;background_background&quot;:&quot;classic&quot;}\">\n\t\t\t<div class=\"elementor-widget-wrap elementor-element-populated\">\n\t\t\t\t\t\t<div class=\"elementor-element elementor-element-f9f3434 elementor-widget elementor-widget-spacer\" data-id=\"f9f3434\" data-element_type=\"widget\" data-e-type=\"widget\" data-widget_type=\"spacer.default\">\n\t\t\t\t\t\t\t<div class=\"elementor-spacer\">\n\t\t\t<div class=\"elementor-spacer-inner\"><\/div>\n\t\t<\/div>\n\t\t\t\t\t\t<\/div>\n\t\t\t\t<div class=\"elementor-element elementor-element-646e043 elementor-widget elementor-widget-heading\" data-id=\"646e043\" data-element_type=\"widget\" data-e-type=\"widget\" data-widget_type=\"heading.default\">\n\t\t\t\t\t<h1 class=\"elementor-heading-title elementor-size-default\">Formation TECHNIQUES DE SCULPTURE<\/h1>\t\t\t\t<\/div>\n\t\t\t\t<div class=\"elementor-element elementor-element-f7e8d2d elementor-widget elementor-widget-spacer\" data-id=\"f7e8d2d\" data-element_type=\"widget\" data-e-type=\"widget\" data-widget_type=\"spacer.default\">\n\t\t\t\t\t\t\t<div class=\"elementor-spacer\">\n\t\t\t<div class=\"elementor-spacer-inner\"><\/div>\n\t\t<\/div>\n\t\t\t\t\t\t<\/div>\n\t\t\t\t\t<\/div>\n\t\t<\/div>\n\t\t\t\t<div class=\"elementor-column elementor-col-33 elementor-top-column elementor-element elementor-element-b690644\" data-id=\"b690644\" data-element_type=\"column\" data-e-type=\"column\">\n\t\t\t<div class=\"elementor-widget-wrap\">\n\t\t\t\t\t\t\t<\/div>\n\t\t<\/div>\n\t\t\t\t\t<\/div>\n\t\t<\/section>\n\t\t\t\t<section class=\"elementor-section elementor-top-section elementor-element elementor-element-7786483 elementor-section-boxed elementor-section-height-default elementor-section-height-default\" data-id=\"7786483\" data-element_type=\"section\" data-e-type=\"section\">\n\t\t\t\t\t\t<div class=\"elementor-container elementor-column-gap-default\">\n\t\t\t\t\t<div class=\"elementor-column elementor-col-33 elementor-top-column elementor-element elementor-element-d163957\" data-id=\"d163957\" data-element_type=\"column\" data-e-type=\"column\">\n\t\t\t<div class=\"elementor-widget-wrap\">\n\t\t\t\t\t\t\t<\/div>\n\t\t<\/div>\n\t\t\t\t<div class=\"elementor-column elementor-col-33 elementor-top-column elementor-element elementor-element-1a76937\" data-id=\"1a76937\" data-element_type=\"column\" data-e-type=\"column\">\n\t\t\t<div class=\"elementor-widget-wrap elementor-element-populated\">\n\t\t\t\t\t\t<div class=\"elementor-element elementor-element-4c12d10 elementor-hidden-phone elementor-widget elementor-widget-heading\" data-id=\"4c12d10\" data-element_type=\"widget\" data-e-type=\"widget\" data-widget_type=\"heading.default\">\n\t\t\t\t\t<h2 class=\"elementor-heading-title elementor-size-medium\">Une formation pour d\u00e9couvrir ou perfectionner les techniques fondamentales de sculpture<\/h2>\t\t\t\t<\/div>\n\t\t\t\t<div class=\"elementor-element elementor-element-0c61a16 elementor-hidden-desktop elementor-hidden-tablet elementor-widget elementor-widget-heading\" data-id=\"0c61a16\" data-element_type=\"widget\" data-e-type=\"widget\" data-widget_type=\"heading.default\">\n\t\t\t\t\t<h1 class=\"elementor-heading-title elementor-size-medium\">DEVELOPPER sa CREATIVITE<\/h1>\t\t\t\t<\/div>\n\t\t\t\t<div class=\"elementor-element elementor-element-d162090 elementor-widget elementor-widget-heading\" data-id=\"d162090\" data-element_type=\"widget\" data-e-type=\"widget\" data-widget_type=\"heading.default\">\n\t\t\t\t\t<h2 class=\"elementor-heading-title elementor-size-small\">\u00c9toffer ses techniques ou s'initier en sculpture 1 fois par mois !<\/h2>\t\t\t\t<\/div>\n\t\t\t\t<section class=\"elementor-section elementor-inner-section elementor-element elementor-element-a3c5667 elementor-section-boxed elementor-section-height-default elementor-section-height-default\" data-id=\"a3c5667\" data-element_type=\"section\" data-e-type=\"section\">\n\t\t\t\t\t\t<div class=\"elementor-container elementor-column-gap-default\">\n\t\t\t\t\t<div class=\"elementor-column elementor-col-50 elementor-inner-column elementor-element elementor-element-4277e86 elementor-hidden-phone\" data-id=\"4277e86\" data-element_type=\"column\" data-e-type=\"column\">\n\t\t\t<div class=\"elementor-widget-wrap elementor-element-populated\">\n\t\t\t\t\t\t<div class=\"elementor-element elementor-element-23ba3f0 elementor-widget elementor-widget-image\" data-id=\"23ba3f0\" data-element_type=\"widget\" data-e-type=\"widget\" data-widget_type=\"image.default\">\n\t\t\t\t\t\t\t\t\t\t\t\t\t\t\t<img fetchpriority=\"high\" decoding=\"async\" width=\"400\" height=\"270\" src=\"https:\/\/www.terre-et-feu.com\/maisons-laffitte\/wp-content\/uploads\/sites\/6\/2025\/07\/IMG_8895-400x270.jpg\" class=\"attachment-medium size-medium wp-image-10929\" alt=\"Cours de sculpture Maisons-Laffitte \u2014 Atelier Terre et Feu\" \/>\t\t\t\t\t\t\t\t\t\t\t\t\t\t\t<\/div>\n\t\t\t\t<div class=\"elementor-element elementor-element-4f3b651 elementor-align-center elementor-widget elementor-widget-button\" data-id=\"4f3b651\" data-element_type=\"widget\" data-e-type=\"widget\" data-widget_type=\"button.default\">\n\t\t\t\t\t\t\t\t\t\t<a class=\"elementor-button elementor-button-link elementor-size-sm\" href=\"https:\/\/www.linscription.com\/pro\/activite.php?P1=217759\" target=\"_blank\">\n\t\t\t\t\t\t<span class=\"elementor-button-content-wrapper\">\n\t\t\t\t\t\t\t\t\t<span class=\"elementor-button-text\">S'INSCRIRE EN LIGNE<\/span>\n\t\t\t\t\t<\/span>\n\t\t\t\t\t<\/a>\n\t\t\t\t\t\t\t\t<\/div>\n\t\t\t\t\t<\/div>\n\t\t<\/div>\n\t\t\t\t<div class=\"elementor-column elementor-col-50 elementor-inner-column elementor-element elementor-element-f6c0ef3\" data-id=\"f6c0ef3\" data-element_type=\"column\" data-e-type=\"column\">\n\t\t\t<div class=\"elementor-widget-wrap elementor-element-populated\">\n\t\t\t\t\t\t<div class=\"elementor-element elementor-element-dfb630c elementor-widget elementor-widget-text-editor\" data-id=\"dfb630c\" data-element_type=\"widget\" data-e-type=\"widget\" data-widget_type=\"text-editor.default\">\n\t\t\t\t\t\t\t\t\t<p style=\"font-weight: 400\"><span style=\"font-style: inherit;font-weight: inherit\">Cette formation de 40 heures vous permet de d\u00e9couvrir ou de perfectionner une ou plusieurs des techniques fondamentales de la sculpture, en fonction du th\u00e8me ou de votre projet.<\/span><\/p><p style=\"font-weight: 400\"><span style=\"font-style: inherit;font-weight: inherit\">Selon les sessions, il sera possible de pratiquer : le modelage en argile, la technique de la cire, la sculpture en pl\u00e2tre, la sculpture sur grillage, le pl\u00e2tre direct, la taille sur bois ou la taille de pierre, &#8230;<\/span><\/p><p style=\"font-weight: 400\"><span style=\"font-style: inherit;font-weight: inherit\">Cette formation est anim\u00e9e par une sculpteure professionnelle et polyvalente qui aura \u00e0 c\u0153ur de vous orienter techniquement et artistiquement. Le mat\u00e9riel est fourni, sauf les pi\u00e8ces de bois ou de pierre qui sont \u00e0 apporter ou \u00e0 commander en amont et \u00e0 r\u00e9gler s\u00e9par\u00e9ment.<\/span><\/p>\t\t\t\t\t\t\t\t<\/div>\n\t\t\t\t<div class=\"elementor-element elementor-element-e44eb80 elementor-widget elementor-widget-image\" data-id=\"e44eb80\" data-element_type=\"widget\" data-e-type=\"widget\" data-widget_type=\"image.default\">\n\t\t\t\t\t\t\t\t\t\t\t\t\t\t\t<img decoding=\"async\" src=\"https:\/\/www.terre-et-feu.com\/maisons-laffitte\/wp-content\/uploads\/sites\/6\/2025\/03\/masque.png\" title=\"masque\" alt=\"Sculpture masque en argile Maisons-Laffitte \u2014 Atelier Terre et Feu\" loading=\"lazy\" \/>\t\t\t\t\t\t\t\t\t\t\t\t\t\t\t<\/div>\n\t\t\t\t<div class=\"elementor-element elementor-element-a7b7b51 elementor-widget elementor-widget-heading\" data-id=\"a7b7b51\" data-element_type=\"widget\" data-e-type=\"widget\" data-widget_type=\"heading.default\">\n\t\t\t\t\t<h2 class=\"elementor-heading-title elementor-size-medium\">Objectifs de la formation en techniques de sculpture<\/h2>\t\t\t\t<\/div>\n\t\t\t\t<div class=\"elementor-element elementor-element-f0aee91 elementor-widget elementor-widget-text-editor\" data-id=\"f0aee91\" data-element_type=\"widget\" data-e-type=\"widget\" data-widget_type=\"text-editor.default\">\n\t\t\t\t\t\t\t\t\t<p>Ce programme technique est compl\u00e9mentaire \u00e0 la pratique de la sculpture de l&rsquo;argile (modelage). Il s&rsquo;agit de s&rsquo;initier \u00e0 l&rsquo;usage de mat\u00e9riaux et outils vari\u00e9s qui ouvrent d&rsquo;autres possibilit\u00e9s d&rsquo;expression en volume.<\/p><p>Par la pratique de plusieurs techniques abord\u00e9es successivement, vous explorez les enjeux et les possibilit\u00e9s de chaque mat\u00e9riau, vous vous initiez ou vous perfectionnez\u00a0 avec les conseils et d\u00e9monstrations de l&rsquo;artiste formateur et vous enrichissez ainsi votre territoire de cr\u00e9ation.<\/p>\t\t\t\t\t\t\t\t<\/div>\n\t\t\t\t\t<\/div>\n\t\t<\/div>\n\t\t\t\t\t<\/div>\n\t\t<\/section>\n\t\t\t\t<section class=\"elementor-section elementor-inner-section elementor-element elementor-element-98df493 elementor-hidden-desktop elementor-hidden-tablet elementor-section-boxed elementor-section-height-default elementor-section-height-default\" data-id=\"98df493\" data-element_type=\"section\" data-e-type=\"section\">\n\t\t\t\t\t\t<div class=\"elementor-container elementor-column-gap-default\">\n\t\t\t\t\t<div class=\"elementor-column elementor-col-50 elementor-inner-column elementor-element elementor-element-49f05c5\" data-id=\"49f05c5\" data-element_type=\"column\" data-e-type=\"column\">\n\t\t\t<div class=\"elementor-widget-wrap elementor-element-populated\">\n\t\t\t\t\t\t<div class=\"elementor-element elementor-element-438a2f1 elementor-align-center elementor-widget elementor-widget-button\" data-id=\"438a2f1\" data-element_type=\"widget\" data-e-type=\"widget\" data-widget_type=\"button.default\">\n\t\t\t\t\t\t\t\t\t\t<a class=\"elementor-button elementor-button-link elementor-size-sm\" href=\"https:\/\/www.linscription.com\/activite.php?P1=29821\" target=\"_blank\">\n\t\t\t\t\t\t<span class=\"elementor-button-content-wrapper\">\n\t\t\t\t\t\t\t\t\t<span class=\"elementor-button-text\">S'INSCRIRE EN LIGNE<\/span>\n\t\t\t\t\t<\/span>\n\t\t\t\t\t<\/a>\n\t\t\t\t\t\t\t\t<\/div>\n\t\t\t\t\t<\/div>\n\t\t<\/div>\n\t\t\t\t<div class=\"elementor-column elementor-col-50 elementor-inner-column elementor-element elementor-element-9af954e\" data-id=\"9af954e\" data-element_type=\"column\" data-e-type=\"column\">\n\t\t\t<div class=\"elementor-widget-wrap elementor-element-populated\">\n\t\t\t\t\t\t<div class=\"elementor-element elementor-element-ba04487 elementor-widget elementor-widget-image\" data-id=\"ba04487\" data-element_type=\"widget\" data-e-type=\"widget\" data-widget_type=\"image.default\">\n\t\t\t\t\t\t\t\t\t\t\t\t\t\t\t<img decoding=\"async\" width=\"147\" height=\"120\" src=\"https:\/\/www.terre-et-feu.com\/maisons-laffitte\/wp-content\/uploads\/sites\/6\/2020\/02\/creativite_ML1-147x120.jpg\" class=\"attachment-thumbnail size-thumbnail wp-image-214\" alt=\"Techniques de sculpture et modelage Maisons-Laffitte \u2014 Terre et Feu\" \/>\t\t\t\t\t\t\t\t\t\t\t\t\t\t\t<\/div>\n\t\t\t\t\t<\/div>\n\t\t<\/div>\n\t\t\t\t\t<\/div>\n\t\t<\/section>\n\t\t\t\t<div class=\"elementor-element elementor-element-d19feb0 elementor-widget elementor-widget-heading\" data-id=\"d19feb0\" data-element_type=\"widget\" data-e-type=\"widget\" data-widget_type=\"heading.default\">\n\t\t\t\t\t<h2 class=\"elementor-heading-title elementor-size-medium\">D\u00e9roulement de la session 2025-2026<\/h2>\t\t\t\t<\/div>\n\t\t\t\t<div class=\"elementor-element elementor-element-6b5cd52 elementor-widget elementor-widget-text-editor\" data-id=\"6b5cd52\" data-element_type=\"widget\" data-e-type=\"widget\" data-widget_type=\"text-editor.default\">\n\t\t\t\t\t\t\t\t\t<p><strong>Public :<\/strong> D\u00e9butants, initi\u00e9s et confirm\u00e9s, aptitude manuelle ou go\u00fbt pour la cr\u00e9ation requis.<\/p><div>\u00a0<\/div><div>15h environ seront allou\u00e9es \u00e0 <span style=\"text-decoration: underline\">chaque technique propos\u00e9e<\/span>. Cela permet d&rsquo;approfondir la connaissance technique et artistique du mat\u00e9riaux.<\/div><div>Une pr\u00e9sentation sur les principaux courants artistiques et sur les artistes concern\u00e9s par cette mati\u00e8re pr\u00e9c\u00e9dera chaque cycle de 3 s\u00e9ances.<\/div><div>\u00a0<\/div><p>Panorama en 8 vendredis :<\/p><p>&#8211; Mat\u00e9riaux mixtes: grillage, fil, pl\u00e2tre et techniques d&rsquo;assemblage<br \/>=&gt; comment assembler, cr\u00e9er de la coh\u00e9rence et imaginer un projet en lien avec les caract\u00e9ristiques de l\u00e9g\u00e8ret\u00e9 et de finesse que ces mat\u00e9riaux offrent.<br \/>=&gt; apprentissage de l&rsquo;importance de la structure de base et du socle<br \/>=&gt; perfectionnement des gestes de coller, visser, assembler, construire en volume.<\/p><p>&#8211; Modelage de cire et r\u00e9alisation du bronze \u00e0 la cire perdue<br \/>=&gt; d\u00e9couverte et maitrise du mat\u00e9riau: modelage, chauffage, collage.<br \/>=&gt; apprentissage des diff\u00e9rentes \u00e9tape de la fonte et du tirage en bronze<\/p><p>&#8211; Carton: exploration des possibilit\u00e9s incroyables de ce mat\u00e9riau l\u00e9ger et tr\u00e8s r\u00e9sistant<br \/>=&gt; Finesse des d\u00e9coupes et des assemblages,\u00a0jeu des formes et motifs du carton<br \/>=&gt; mat\u00e9riau compl\u00e9mentaire: mousse polyur\u00e9thane<\/p>\t\t\t\t\t\t\t\t<\/div>\n\t\t\t\t<div class=\"elementor-element elementor-element-f203cfa elementor-widget elementor-widget-text-editor\" data-id=\"f203cfa\" data-element_type=\"widget\" data-e-type=\"widget\" data-widget_type=\"text-editor.default\">\n\t\t\t\t\t\t\t\t\t<p><strong>Anim\u00e9 par Juliette Meynial, Sculpteure plasticienne<\/strong><br \/><span style=\"color: #352f49;font-weight: bold;font-family: Arial, Helvetica, sans-serif;font-size: small\">1 vendredi par mois : 17\/10\/25, 21\/11\/25, 12\/12\/25, 16\/01\/26, 20\/02\/26, 20\/03\/26, 17\/04\/26, 22\/05\/26 de\u00a0<\/span><span style=\"margin: 0px;padding: 0px;border: 0px;font-weight: bold;font-size: small;line-height: inherit;font-family: Arial, Helvetica, sans-serif;vertical-align: baseline;color: #352f49\">12h30 \u00e0 17h30<\/span><strong>\u00a0<\/strong><\/p><p><span style=\"font-size: small\">Groupe de 10 participants maximum, suivi individuel<\/span><\/p><p>Tarif : 740 \u20ac\u00a0<\/p>\t\t\t\t\t\t\t\t<\/div>\n\t\t\t\t<div class=\"elementor-element elementor-element-b2a57ea elementor-align-left elementor-widget elementor-widget-button\" data-id=\"b2a57ea\" data-element_type=\"widget\" data-e-type=\"widget\" data-widget_type=\"button.default\">\n\t\t\t\t\t\t\t\t\t\t<a class=\"elementor-button elementor-button-link elementor-size-sm\" href=\"https:\/\/www.linscription.com\/pro\/activite.php?P1=217759\" target=\"_blank\">\n\t\t\t\t\t\t<span class=\"elementor-button-content-wrapper\">\n\t\t\t\t\t\t\t\t\t<span class=\"elementor-button-text\">S'INSCRIRE EN LIGNE<\/span>\n\t\t\t\t\t<\/span>\n\t\t\t\t\t<\/a>\n\t\t\t\t\t\t\t\t<\/div>\n\t\t\t\t\t<\/div>\n\t\t<\/div>\n\t\t\t\t<div class=\"elementor-column elementor-col-33 elementor-top-column elementor-element elementor-element-98945b7\" data-id=\"98945b7\" data-element_type=\"column\" data-e-type=\"column\">\n\t\t\t<div class=\"elementor-widget-wrap\">\n\t\t\t\t\t\t\t<\/div>\n\t\t<\/div>\n\t\t\t\t\t<\/div>\n\t\t<\/section>\n\t\t\t\t<\/div>\n\t\t","protected":false},"excerpt":{"rendered":"<p>Formation TECHNIQUES DE SCULPTURE Une formation pour d\u00e9couvrir ou perfectionner les techniques fondamentales de sculpture DEVELOPPER sa CREATIVITE \u00c9toffer ses techniques ou s&rsquo;initier en sculpture 1 fois par mois ! S&rsquo;INSCRIRE EN LIGNE Cette formation de 40 heures vous permet de d\u00e9couvrir ou de perfectionner une ou plusieurs des techniques fondamentales de la sculpture, en [&hellip;]<\/p>\n","protected":false},"author":3,"featured_media":0,"parent":0,"menu_order":0,"comment_status":"closed","ping_status":"closed","template":"elementor_header_footer","meta":{"_acf_changed":false,"footnotes":""},"class_list":["post-10891","page","type-page","status-publish","hentry"],"acf":[],"aioseo_notices":[],"_links":{"self":[{"href":"https:\/\/www.terre-et-feu.com\/maisons-laffitte\/wp-json\/wp\/v2\/pages\/10891","targetHints":{"allow":["GET"]}}],"collection":[{"href":"https:\/\/www.terre-et-feu.com\/maisons-laffitte\/wp-json\/wp\/v2\/pages"}],"about":[{"href":"https:\/\/www.terre-et-feu.com\/maisons-laffitte\/wp-json\/wp\/v2\/types\/page"}],"author":[{"embeddable":true,"href":"https:\/\/www.terre-et-feu.com\/maisons-laffitte\/wp-json\/wp\/v2\/users\/3"}],"replies":[{"embeddable":true,"href":"https:\/\/www.terre-et-feu.com\/maisons-laffitte\/wp-json\/wp\/v2\/comments?post=10891"}],"version-history":[{"count":27,"href":"https:\/\/www.terre-et-feu.com\/maisons-laffitte\/wp-json\/wp\/v2\/pages\/10891\/revisions"}],"predecessor-version":[{"id":10933,"href":"https:\/\/www.terre-et-feu.com\/maisons-laffitte\/wp-json\/wp\/v2\/pages\/10891\/revisions\/10933"}],"wp:attachment":[{"href":"https:\/\/www.terre-et-feu.com\/maisons-laffitte\/wp-json\/wp\/v2\/media?parent=10891"}],"curies":[{"name":"wp","href":"https:\/\/api.w.org\/{rel}","templated":true}]}}