{"id":63,"date":"2020-02-21T17:36:05","date_gmt":"2020-02-21T16:36:05","guid":{"rendered":"https:\/\/www.terre-et-feu.com\/maisons-laffitte\/?page_id=63"},"modified":"2025-05-05T18:34:11","modified_gmt":"2025-05-05T16:34:11","slug":"cours-de-gravure","status":"publish","type":"page","link":"https:\/\/www.terre-et-feu.com\/maisons-laffitte\/cours-de-gravure\/","title":{"rendered":"Gravure"},"content":{"rendered":"\t\t<div data-elementor-type=\"wp-page\" data-elementor-id=\"63\" class=\"elementor elementor-63\" data-elementor-settings=\"{&quot;element_pack_global_tooltip_width&quot;:{&quot;unit&quot;:&quot;px&quot;,&quot;size&quot;:&quot;&quot;,&quot;sizes&quot;:[]},&quot;element_pack_global_tooltip_width_tablet&quot;:{&quot;unit&quot;:&quot;px&quot;,&quot;size&quot;:&quot;&quot;,&quot;sizes&quot;:[]},&quot;element_pack_global_tooltip_width_mobile&quot;:{&quot;unit&quot;:&quot;px&quot;,&quot;size&quot;:&quot;&quot;,&quot;sizes&quot;:[]},&quot;element_pack_global_tooltip_padding&quot;:{&quot;unit&quot;:&quot;px&quot;,&quot;top&quot;:&quot;&quot;,&quot;right&quot;:&quot;&quot;,&quot;bottom&quot;:&quot;&quot;,&quot;left&quot;:&quot;&quot;,&quot;isLinked&quot;:true},&quot;element_pack_global_tooltip_padding_tablet&quot;:{&quot;unit&quot;:&quot;px&quot;,&quot;top&quot;:&quot;&quot;,&quot;right&quot;:&quot;&quot;,&quot;bottom&quot;:&quot;&quot;,&quot;left&quot;:&quot;&quot;,&quot;isLinked&quot;:true},&quot;element_pack_global_tooltip_padding_mobile&quot;:{&quot;unit&quot;:&quot;px&quot;,&quot;top&quot;:&quot;&quot;,&quot;right&quot;:&quot;&quot;,&quot;bottom&quot;:&quot;&quot;,&quot;left&quot;:&quot;&quot;,&quot;isLinked&quot;:true},&quot;element_pack_global_tooltip_border_radius&quot;:{&quot;unit&quot;:&quot;px&quot;,&quot;top&quot;:&quot;&quot;,&quot;right&quot;:&quot;&quot;,&quot;bottom&quot;:&quot;&quot;,&quot;left&quot;:&quot;&quot;,&quot;isLinked&quot;:true},&quot;element_pack_global_tooltip_border_radius_tablet&quot;:{&quot;unit&quot;:&quot;px&quot;,&quot;top&quot;:&quot;&quot;,&quot;right&quot;:&quot;&quot;,&quot;bottom&quot;:&quot;&quot;,&quot;left&quot;:&quot;&quot;,&quot;isLinked&quot;:true},&quot;element_pack_global_tooltip_border_radius_mobile&quot;:{&quot;unit&quot;:&quot;px&quot;,&quot;top&quot;:&quot;&quot;,&quot;right&quot;:&quot;&quot;,&quot;bottom&quot;:&quot;&quot;,&quot;left&quot;:&quot;&quot;,&quot;isLinked&quot;:true}}\" data-elementor-post-type=\"page\">\n\t\t\t\t\t\t<section class=\"elementor-section elementor-top-section elementor-element elementor-element-6aaa604 elementor-hidden-phone elementor-hidden-desktop elementor-section-boxed elementor-section-height-default elementor-section-height-default\" data-id=\"6aaa604\" data-element_type=\"section\" data-e-type=\"section\">\n\t\t\t\t\t\t<div class=\"elementor-container elementor-column-gap-default\">\n\t\t\t\t\t<div class=\"elementor-column elementor-col-100 elementor-top-column elementor-element elementor-element-fc68ca7\" data-id=\"fc68ca7\" data-element_type=\"column\" data-e-type=\"column\">\n\t\t\t<div class=\"elementor-widget-wrap elementor-element-populated\">\n\t\t\t\t\t\t<div class=\"elementor-element elementor-element-65a8117 elementor-widget elementor-widget-spacer\" data-id=\"65a8117\" data-element_type=\"widget\" data-e-type=\"widget\" data-widget_type=\"spacer.default\">\n\t\t\t\t\t\t\t<div class=\"elementor-spacer\">\n\t\t\t<div class=\"elementor-spacer-inner\"><\/div>\n\t\t<\/div>\n\t\t\t\t\t\t<\/div>\n\t\t\t\t\t<\/div>\n\t\t<\/div>\n\t\t\t\t\t<\/div>\n\t\t<\/section>\n\t\t\t\t<section class=\"elementor-section elementor-top-section elementor-element elementor-element-4b66f66 elementor-hidden-phone elementor-section-boxed elementor-section-height-default elementor-section-height-default\" data-id=\"4b66f66\" data-element_type=\"section\" data-e-type=\"section\" data-settings=\"{&quot;background_background&quot;:&quot;classic&quot;}\">\n\t\t\t\t\t\t<div class=\"elementor-container elementor-column-gap-default\">\n\t\t\t\t\t<div class=\"elementor-column elementor-col-33 elementor-top-column elementor-element elementor-element-9831aaa\" data-id=\"9831aaa\" data-element_type=\"column\" data-e-type=\"column\">\n\t\t\t<div class=\"elementor-widget-wrap\">\n\t\t\t\t\t\t\t<\/div>\n\t\t<\/div>\n\t\t\t\t<div class=\"elementor-column elementor-col-33 elementor-top-column elementor-element elementor-element-b58020c\" data-id=\"b58020c\" data-element_type=\"column\" data-e-type=\"column\" data-settings=\"{&quot;background_background&quot;:&quot;classic&quot;}\">\n\t\t\t<div class=\"elementor-widget-wrap elementor-element-populated\">\n\t\t\t\t\t\t<div class=\"elementor-element elementor-element-627e009 elementor-widget elementor-widget-spacer\" data-id=\"627e009\" data-element_type=\"widget\" data-e-type=\"widget\" data-widget_type=\"spacer.default\">\n\t\t\t\t\t\t\t<div class=\"elementor-spacer\">\n\t\t\t<div class=\"elementor-spacer-inner\"><\/div>\n\t\t<\/div>\n\t\t\t\t\t\t<\/div>\n\t\t\t\t<div class=\"elementor-element elementor-element-75da6f4 elementor-widget elementor-widget-heading\" data-id=\"75da6f4\" data-element_type=\"widget\" data-e-type=\"widget\" data-widget_type=\"heading.default\">\n\t\t\t\t\t<h1 class=\"elementor-heading-title elementor-size-default\">Cours de GRAVURE<\/h1>\t\t\t\t<\/div>\n\t\t\t\t<div class=\"elementor-element elementor-element-049c942 elementor-widget elementor-widget-spacer\" data-id=\"049c942\" data-element_type=\"widget\" data-e-type=\"widget\" data-widget_type=\"spacer.default\">\n\t\t\t\t\t\t\t<div class=\"elementor-spacer\">\n\t\t\t<div class=\"elementor-spacer-inner\"><\/div>\n\t\t<\/div>\n\t\t\t\t\t\t<\/div>\n\t\t\t\t\t<\/div>\n\t\t<\/div>\n\t\t\t\t<div class=\"elementor-column elementor-col-33 elementor-top-column elementor-element elementor-element-bd63759\" data-id=\"bd63759\" data-element_type=\"column\" data-e-type=\"column\">\n\t\t\t<div class=\"elementor-widget-wrap\">\n\t\t\t\t\t\t\t<\/div>\n\t\t<\/div>\n\t\t\t\t\t<\/div>\n\t\t<\/section>\n\t\t\t\t<section class=\"elementor-section elementor-top-section elementor-element elementor-element-576e2b6 elementor-section-boxed elementor-section-height-default elementor-section-height-default\" data-id=\"576e2b6\" data-element_type=\"section\" data-e-type=\"section\">\n\t\t\t\t\t\t<div class=\"elementor-container elementor-column-gap-default\">\n\t\t\t\t\t<div class=\"elementor-column elementor-col-33 elementor-top-column elementor-element elementor-element-329382f\" data-id=\"329382f\" data-element_type=\"column\" data-e-type=\"column\">\n\t\t\t<div class=\"elementor-widget-wrap\">\n\t\t\t\t\t\t\t<\/div>\n\t\t<\/div>\n\t\t\t\t<div class=\"elementor-column elementor-col-33 elementor-top-column elementor-element elementor-element-f5b93d2\" data-id=\"f5b93d2\" data-element_type=\"column\" data-e-type=\"column\">\n\t\t\t<div class=\"elementor-widget-wrap elementor-element-populated\">\n\t\t\t\t\t\t<div class=\"elementor-element elementor-element-4885c5c elementor-hidden-phone elementor-widget elementor-widget-heading\" data-id=\"4885c5c\" data-element_type=\"widget\" data-e-type=\"widget\" data-widget_type=\"heading.default\">\n\t\t\t\t\t<h2 class=\"elementor-heading-title elementor-size-medium\">Cours de gravure pour tous niveaux<\/h2>\t\t\t\t<\/div>\n\t\t\t\t<div class=\"elementor-element elementor-element-cc85f13 elementor-hidden-desktop elementor-hidden-tablet elementor-widget elementor-widget-heading\" data-id=\"cc85f13\" data-element_type=\"widget\" data-e-type=\"widget\" data-widget_type=\"heading.default\">\n\t\t\t\t\t<h1 class=\"elementor-heading-title elementor-size-medium\">Cours de gravure pour tous niveaux<\/h1>\t\t\t\t<\/div>\n\t\t\t\t<div class=\"elementor-element elementor-element-293b8b8 elementor-widget elementor-widget-text-editor\" data-id=\"293b8b8\" data-element_type=\"widget\" data-e-type=\"widget\" data-widget_type=\"text-editor.default\">\n\t\t\t\t\t\t\t\t\t<p><strong>Cours de Gravure Ouest de Paris &#8211; Proche de Saint-Germain-en-Laye<\/strong><\/p><p>\u00ab <em>La gravure, un atelier de d\u00e9couverte o\u00f9 tous les sens sont en \u00e9veil ! On grave, on encre, on imprime, on est en contact avec la mati\u00e8re. Une exp\u00e9rience de cr\u00e9ation authentique !\u00bb<\/em>\u00a0CR<br \/>Vous souhaitez apprendre les proc\u00e9d\u00e9s traditionnels de l&rsquo;estampe ? Ou explorer la gravure ?<\/p><p><strong> Gravure ou estampe ?<\/strong> L\u2019estampe est une image imprim\u00e9e par application d\u2019une matrice, le plus souvent grav\u00e9e, ce qui a donn\u00e9 le nom de Gravure \u00e0 cette discipline artistique.<br \/><strong>Ce cours \u00a0de gravure est une formation technique et cr\u00e9ative aux proc\u00e9d\u00e9s tr\u00e8s vari\u00e9s de gravure et d\u2019estampe.<\/strong> Il n\u2019est pas n\u00e9cessaire de justifier d\u2019une grande pratique artistique pour y participer. Chaque \u00e9l\u00e8ve apprend en fonction de son niveau qu\u2019il soit d\u00e9butant ou averti.<\/p><p>Savoir reconna\u00eetre et apprendre \u00e0 ma\u00eetriser les diff\u00e9rentes techniques d&rsquo;impression et de pr\u00e9paration des plaques, travailler avec les diff\u00e9rents outils donnent \u00e0 l\u2019\u00e9l\u00e8ve la possibilit\u00e9 de d\u00e9velopper son travail et sa d\u00e9marche artistique. <strong>Les cours permettent d\u2019int\u00e9grer rapidement les sp\u00e9cificit\u00e9s de la discipline<\/strong> et de travailler en autonomie autour de diff\u00e9rents projets, personnels ou collectifs.<\/p>\t\t\t\t\t\t\t\t<\/div>\n\t\t\t\t<div class=\"elementor-element elementor-element-81721c9 elementor-align-center elementor-widget elementor-widget-button\" data-id=\"81721c9\" data-element_type=\"widget\" data-e-type=\"widget\" data-widget_type=\"button.default\">\n\t\t\t\t\t\t\t\t\t\t<a class=\"elementor-button elementor-button-link elementor-size-sm\" href=\"https:\/\/www.terre-et-feu.com\/maisons-laffitte\/wp-content\/uploads\/sites\/6\/2024\/09\/inscription-Peinture-Dessin-2024-2025-240826.pdf\" target=\"_blank\">\n\t\t\t\t\t\t<span class=\"elementor-button-content-wrapper\">\n\t\t\t\t\t\t\t\t\t<span class=\"elementor-button-text\">S'INSCRIRE AU COURS<\/span>\n\t\t\t\t\t<\/span>\n\t\t\t\t\t<\/a>\n\t\t\t\t\t\t\t\t<\/div>\n\t\t\t\t<div class=\"elementor-element elementor-element-d6a053e elementor-widget elementor-widget-video\" data-id=\"d6a053e\" data-element_type=\"widget\" data-e-type=\"widget\" data-settings=\"{&quot;youtube_url&quot;:&quot;https:\\\/\\\/youtu.be\\\/L0sX1CiiLug&quot;,&quot;video_type&quot;:&quot;youtube&quot;,&quot;controls&quot;:&quot;yes&quot;}\" data-widget_type=\"video.default\">\n\t\t\t\t\t\t\t<div class=\"elementor-wrapper elementor-open-inline\">\n\t\t\t<div class=\"elementor-video\"><\/div>\t\t<\/div>\n\t\t\t\t\t\t<\/div>\n\t\t\t\t<section class=\"elementor-section elementor-inner-section elementor-element elementor-element-ac03259 elementor-section-boxed elementor-section-height-default elementor-section-height-default\" data-id=\"ac03259\" data-element_type=\"section\" data-e-type=\"section\">\n\t\t\t\t\t\t<div class=\"elementor-container elementor-column-gap-default\">\n\t\t\t\t\t<div class=\"elementor-column elementor-col-50 elementor-inner-column elementor-element elementor-element-f94d4af elementor-hidden-phone\" data-id=\"f94d4af\" data-element_type=\"column\" data-e-type=\"column\">\n\t\t\t<div class=\"elementor-widget-wrap elementor-element-populated\">\n\t\t\t\t\t\t<div class=\"elementor-element elementor-element-f1f76f4 elementor-widget elementor-widget-image\" data-id=\"f1f76f4\" data-element_type=\"widget\" data-e-type=\"widget\" data-widget_type=\"image.default\">\n\t\t\t\t\t\t\t\t\t\t\t\t\t\t\t<img fetchpriority=\"high\" decoding=\"async\" width=\"344\" height=\"230\" src=\"https:\/\/www.terre-et-feu.com\/maisons-laffitte\/wp-content\/uploads\/sites\/6\/2020\/02\/gravure_ML1.jpg\" class=\"attachment-full size-full wp-image-393\" alt=\"\" \/>\t\t\t\t\t\t\t\t\t\t\t\t\t\t\t<\/div>\n\t\t\t\t<div class=\"elementor-element elementor-element-7a6b74e elementor-widget elementor-widget-image\" data-id=\"7a6b74e\" data-element_type=\"widget\" data-e-type=\"widget\" data-widget_type=\"image.default\">\n\t\t\t\t\t\t\t\t\t\t\t\t\t\t\t<img decoding=\"async\" width=\"344\" height=\"230\" src=\"https:\/\/www.terre-et-feu.com\/maisons-laffitte\/wp-content\/uploads\/sites\/6\/2020\/02\/gravure_ML2-e1631898617178.jpg\" class=\"attachment-full size-full wp-image-394\" alt=\"\" \/>\t\t\t\t\t\t\t\t\t\t\t\t\t\t\t<\/div>\n\t\t\t\t<div class=\"elementor-element elementor-element-b435107 elementor-widget elementor-widget-image\" data-id=\"b435107\" data-element_type=\"widget\" data-e-type=\"widget\" data-widget_type=\"image.default\">\n\t\t\t\t\t\t\t\t\t\t\t\t\t\t\t<img decoding=\"async\" width=\"344\" height=\"230\" src=\"https:\/\/www.terre-et-feu.com\/maisons-laffitte\/wp-content\/uploads\/sites\/6\/2020\/02\/gravure_ML3.jpg\" class=\"attachment-full size-full wp-image-395\" alt=\"\" \/>\t\t\t\t\t\t\t\t\t\t\t\t\t\t\t<\/div>\n\t\t\t\t<div class=\"elementor-element elementor-element-3e81d8a elementor-align-center elementor-widget elementor-widget-button\" data-id=\"3e81d8a\" data-element_type=\"widget\" data-e-type=\"widget\" data-widget_type=\"button.default\">\n\t\t\t\t\t\t\t\t\t\t<a class=\"elementor-button elementor-button-link elementor-size-sm\" href=\"https:\/\/www.terre-et-feu.com\/maisons-laffitte\/wp-content\/uploads\/sites\/6\/2024\/09\/inscription-Peinture-Dessin-2024-2025-240826.pdf\" target=\"_blank\">\n\t\t\t\t\t\t<span class=\"elementor-button-content-wrapper\">\n\t\t\t\t\t\t\t\t\t<span class=\"elementor-button-text\">S'INSCRIRE AU COURS<\/span>\n\t\t\t\t\t<\/span>\n\t\t\t\t\t<\/a>\n\t\t\t\t\t\t\t\t<\/div>\n\t\t\t\t\t<\/div>\n\t\t<\/div>\n\t\t\t\t<div class=\"elementor-column elementor-col-50 elementor-inner-column elementor-element elementor-element-14a71c4\" data-id=\"14a71c4\" data-element_type=\"column\" data-e-type=\"column\">\n\t\t\t<div class=\"elementor-widget-wrap elementor-element-populated\">\n\t\t\t\t\t\t<div class=\"elementor-element elementor-element-99a1701 elementor-widget elementor-widget-heading\" data-id=\"99a1701\" data-element_type=\"widget\" data-e-type=\"widget\" data-widget_type=\"heading.default\">\n\t\t\t\t\t<h3 class=\"elementor-heading-title elementor-size-medium\">Cours de gravure : les diff\u00e9rentes techniques<\/h3>\t\t\t\t<\/div>\n\t\t\t\t<div class=\"elementor-element elementor-element-3cfa8b6 elementor-widget elementor-widget-text-editor\" data-id=\"3cfa8b6\" data-element_type=\"widget\" data-e-type=\"widget\" data-widget_type=\"text-editor.default\">\n\t\t\t\t\t\t\t\t\t<p><strong>On y explore largement les diff\u00e9rentes techniques\u00a0<\/strong>qui permettent de r\u00e9aliser des estampes en monotype, taille douce et taille d\u2019\u00e9pargne.\u00a0 Et perfectionner \u00a0pour ceux qui le souhaitent cette pratique jusqu\u2019\u00e0 l\u2019exposition de ses travaux\u00a0:<\/p><ul><li>Comprendre les diff\u00e9rentes techniques : monotypes, collagraphie, taille d\u2019\u00e9pargne (linogravure, gravure sur bois), taille douce (Rhodo\u00efd, zinc),<\/li><li>Ma\u00eetriser les principes fondamentaux, les outils et gestes pour plusieurs de ces techniques et \u00eatre capable de les combiner pour mettre en place des champs d\u2019investigation personnels.<\/li><li>Apprendre \u00e0 travailler et r\u00e9fl\u00e9chir en sortant du cadre de la gravure, au propre comme au figur\u00e9 et jouer avec le papier, en variant les formats de matrices.<\/li><\/ul>\t\t\t\t\t\t\t\t<\/div>\n\t\t\t\t<div class=\"elementor-element elementor-element-1b5ed57 elementor-widget elementor-widget-heading\" data-id=\"1b5ed57\" data-element_type=\"widget\" data-e-type=\"widget\" data-widget_type=\"heading.default\">\n\t\t\t\t\t<h3 class=\"elementor-heading-title elementor-size-medium\">Cours de gravure : organisation des ateliers<\/h3>\t\t\t\t<\/div>\n\t\t\t\t<div class=\"elementor-element elementor-element-6996389 elementor-widget elementor-widget-text-editor\" data-id=\"6996389\" data-element_type=\"widget\" data-e-type=\"widget\" data-widget_type=\"text-editor.default\">\n\t\t\t\t\t\t\t\t\t<div><p>Des th\u00e8mes ou propositions exp\u00e9rimentales sont propos\u00e9s tout au long de l\u2019ann\u00e9e. Chaque th\u00e8me de travail est l\u2019occasion d\u2019une introduction th\u00e9orique, afin de resituer les notions dans le contexte artistique et technique.<\/p><p>Des exercices vari\u00e9s seront propos\u00e9s appelant \u00e0 d\u00e9velopper\u00a0 la cr\u00e9ativit\u00e9 de chacun, l\u2019id\u00e9e \u00e9tant de ne pas apporter aux \u00e9l\u00e8ves qu\u2019un enseignement \u00ab\u00a0classique\u00a0\u00bb des outils traditionnels, mais \u00e9galement une ouverture sur des formes de cr\u00e9ations auxquelles ils n\u2019auraient pas song\u00e9 seuls.<\/p><p>Quelques th\u00e9matiques cette ann\u00e9e (pour ceux qui ne viennent pas avec leur projet personnel):<\/p><p>Le cours est d\u00e9sormais organis\u00e9 sous la forme d&rsquo;un RDV mensuel avec un atelier long de 4 heures. 1 mardi \/ mois : 17\/10,14\/11,5\/12 2023, et 9\/01, 6\/02, 5\/03, 23\/04, 14\/05 de 18h \u00e0 22h.<\/p><p>Cette formation vous permet aussi \u00e0 lafois de vous perfectionner dans les techniques d&rsquo;estampe, de gravure et d&rsquo;un impression, mais aussi d&rsquo;envisager ce cours comme le compl\u00e8ment \u00e0 une pratique de la c\u00e9ramique, du dessin et de la peinture, qui ouvrira de nombreuses portes pour votre d\u00e9veloppement cr\u00e9atif.<\/p><p><strong>Allez plus loin : www.fetedelestampe.fr<br \/><\/strong><\/p><\/div>\t\t\t\t\t\t\t\t<\/div>\n\t\t\t\t\t<\/div>\n\t\t<\/div>\n\t\t\t\t\t<\/div>\n\t\t<\/section>\n\t\t\t\t<section class=\"elementor-section elementor-inner-section elementor-element elementor-element-86e03bc elementor-section-boxed elementor-section-height-default elementor-section-height-default\" data-id=\"86e03bc\" data-element_type=\"section\" data-e-type=\"section\">\n\t\t\t\t\t\t<div class=\"elementor-container elementor-column-gap-default\">\n\t\t\t\t\t<div class=\"elementor-column elementor-col-50 elementor-inner-column elementor-element elementor-element-b9d669b elementor-hidden-desktop elementor-hidden-tablet\" data-id=\"b9d669b\" data-element_type=\"column\" data-e-type=\"column\">\n\t\t\t<div class=\"elementor-widget-wrap elementor-element-populated\">\n\t\t\t\t\t\t<div class=\"elementor-element elementor-element-d24c70b elementor-align-center elementor-widget elementor-widget-button\" data-id=\"d24c70b\" data-element_type=\"widget\" data-e-type=\"widget\" data-widget_type=\"button.default\">\n\t\t\t\t\t\t\t\t\t\t<a class=\"elementor-button elementor-button-link elementor-size-sm\" href=\"https:\/\/www.terre-et-feu.com\/maisons-laffitte\/wp-content\/uploads\/sites\/6\/2024\/06\/inscription-Peinture-Dessin-2024-2025-240517.pdf\" target=\"_blank\">\n\t\t\t\t\t\t<span class=\"elementor-button-content-wrapper\">\n\t\t\t\t\t\t\t\t\t<span class=\"elementor-button-text\">S'INSCRIRE AU COURS<\/span>\n\t\t\t\t\t<\/span>\n\t\t\t\t\t<\/a>\n\t\t\t\t\t\t\t\t<\/div>\n\t\t\t\t\t<\/div>\n\t\t<\/div>\n\t\t\t\t<div class=\"elementor-column elementor-col-50 elementor-inner-column elementor-element elementor-element-6a10f30 elementor-hidden-desktop elementor-hidden-tablet\" data-id=\"6a10f30\" data-element_type=\"column\" data-e-type=\"column\">\n\t\t\t<div class=\"elementor-widget-wrap elementor-element-populated\">\n\t\t\t\t\t\t<div class=\"elementor-element elementor-element-5286c85 elementor-widget elementor-widget-image\" data-id=\"5286c85\" data-element_type=\"widget\" data-e-type=\"widget\" data-widget_type=\"image.default\">\n\t\t\t\t\t\t\t\t\t\t\t\t\t\t\t<img fetchpriority=\"high\" decoding=\"async\" width=\"344\" height=\"230\" src=\"https:\/\/www.terre-et-feu.com\/maisons-laffitte\/wp-content\/uploads\/sites\/6\/2020\/02\/gravure_ML1.jpg\" class=\"attachment-full size-full wp-image-393\" alt=\"\" \/>\t\t\t\t\t\t\t\t\t\t\t\t\t\t\t<\/div>\n\t\t\t\t\t<\/div>\n\t\t<\/div>\n\t\t\t\t\t<\/div>\n\t\t<\/section>\n\t\t\t\t<div class=\"elementor-element elementor-element-afd7e48 elementor-widget elementor-widget-heading\" data-id=\"afd7e48\" data-element_type=\"widget\" data-e-type=\"widget\" data-widget_type=\"heading.default\">\n\t\t\t\t\t<h2 class=\"elementor-heading-title elementor-size-medium\">PLANNING 2025 - 2026<\/h2>\t\t\t\t<\/div>\n\t\t\t\t<div class=\"elementor-element elementor-element-31033d7 elementor-tabs-view-horizontal elementor-widget elementor-widget-tabs\" data-id=\"31033d7\" data-element_type=\"widget\" data-e-type=\"widget\" data-widget_type=\"tabs.default\">\n\t\t\t\t\t\t\t<div class=\"elementor-tabs\">\n\t\t\t<div class=\"elementor-tabs-wrapper\" role=\"tablist\" >\n\t\t\t\t\t\t\t\t\t<div id=\"elementor-tab-title-5131\" class=\"elementor-tab-title elementor-tab-desktop-title\" aria-selected=\"true\" data-tab=\"1\" role=\"tab\" tabindex=\"0\" aria-controls=\"elementor-tab-content-5131\" aria-expanded=\"false\">MARDI<\/div>\n\t\t\t\t\t\t\t<\/div>\n\t\t\t<div class=\"elementor-tabs-content-wrapper\" role=\"tablist\" aria-orientation=\"vertical\">\n\t\t\t\t\t\t\t\t\t<div class=\"elementor-tab-title elementor-tab-mobile-title\" aria-selected=\"true\" data-tab=\"1\" role=\"tab\" tabindex=\"0\" aria-controls=\"elementor-tab-content-5131\" aria-expanded=\"false\">MARDI<\/div>\n\t\t\t\t\t<div id=\"elementor-tab-content-5131\" class=\"elementor-tab-content elementor-clearfix\" data-tab=\"1\" role=\"tabpanel\" aria-labelledby=\"elementor-tab-title-5131\" tabindex=\"0\" hidden=\"false\"><table><tbody><tr><td width=\"113\">de 18h<br \/>\u00e0 22h<\/td><td width=\"490\"><p><strong>Techniques de Gravure<\/strong><br \/>1 Cours par mois du 17\/10 au 14\/05<\/p><\/td><\/tr><\/tbody><\/table><\/div>\n\t\t\t\t\t\t\t<\/div>\n\t\t<\/div>\n\t\t\t\t\t\t<\/div>\n\t\t\t\t<div class=\"elementor-element elementor-element-f29da97 elementor-widget elementor-widget-heading\" data-id=\"f29da97\" data-element_type=\"widget\" data-e-type=\"widget\" data-widget_type=\"heading.default\">\n\t\t\t\t\t<h2 class=\"elementor-heading-title elementor-size-medium\">TARIFS <\/h2>\t\t\t\t<\/div>\n\t\t\t\t<div class=\"elementor-element elementor-element-2184011 elementor-widget elementor-widget-text-editor\" data-id=\"2184011\" data-element_type=\"widget\" data-e-type=\"widget\" data-widget_type=\"text-editor.default\">\n\t\t\t\t\t\t\t\t\t<p>Tarifs remis\u00e9s pour financement \u00e0 titre individuel. <br>Si financement par un tiers (OPCO, P\u00f4le Emploi&#8230;) Tarif de 24\u20ac \/ heure.<\/p>\t\t\t\t\t\t\t\t<\/div>\n\t\t\t\t<section class=\"elementor-section elementor-inner-section elementor-element elementor-element-c30fcda elementor-section-boxed elementor-section-height-default elementor-section-height-default\" data-id=\"c30fcda\" data-element_type=\"section\" data-e-type=\"section\">\n\t\t\t\t\t\t<div class=\"elementor-container elementor-column-gap-default\">\n\t\t\t\t\t<div class=\"elementor-column elementor-col-50 elementor-inner-column elementor-element elementor-element-2020369\" data-id=\"2020369\" data-element_type=\"column\" data-e-type=\"column\">\n\t\t\t<div class=\"elementor-widget-wrap elementor-element-populated\">\n\t\t\t\t\t\t<div class=\"elementor-element elementor-element-d932de9 elementor-widget elementor-widget-heading\" data-id=\"d932de9\" data-element_type=\"widget\" data-e-type=\"widget\" data-widget_type=\"heading.default\">\n\t\t\t\t\t<h3 class=\"elementor-heading-title elementor-size-default\">GRAVURE 4H<\/h3>\t\t\t\t<\/div>\n\t\t\t\t<div class=\"elementor-element elementor-element-d6ad269 elementor-widget elementor-widget-text-editor\" data-id=\"d6ad269\" data-element_type=\"widget\" data-e-type=\"widget\" data-widget_type=\"text-editor.default\">\n\t\t\t\t\t\t\t\t\t<p>Ann\u00e9e (8 s\u00e9ances)<br \/><strong>1 paiement de 695\u20ac\u00a0<\/strong><br \/><br \/><\/p>\t\t\t\t\t\t\t\t<\/div>\n\t\t\t\t<div class=\"elementor-element elementor-element-8b78499 elementor-align-center elementor-widget elementor-widget-button\" data-id=\"8b78499\" data-element_type=\"widget\" data-e-type=\"widget\" data-widget_type=\"button.default\">\n\t\t\t\t\t\t\t\t\t\t<a class=\"elementor-button elementor-button-link elementor-size-sm\" href=\"https:\/\/www.terre-et-feu.com\/maisons-laffitte\/wp-content\/uploads\/sites\/6\/2024\/09\/inscription-Peinture-Dessin-2024-2025-240826.pdf\" target=\"_blank\">\n\t\t\t\t\t\t<span class=\"elementor-button-content-wrapper\">\n\t\t\t\t\t\t\t\t\t<span class=\"elementor-button-text\">S'INSCRIRE AU COURS<\/span>\n\t\t\t\t\t<\/span>\n\t\t\t\t\t<\/a>\n\t\t\t\t\t\t\t\t<\/div>\n\t\t\t\t\t<\/div>\n\t\t<\/div>\n\t\t\t\t<div class=\"elementor-column elementor-col-50 elementor-inner-column elementor-element elementor-element-0599037\" data-id=\"0599037\" data-element_type=\"column\" data-e-type=\"column\">\n\t\t\t<div class=\"elementor-widget-wrap\">\n\t\t\t\t\t\t\t<\/div>\n\t\t<\/div>\n\t\t\t\t\t<\/div>\n\t\t<\/section>\n\t\t\t\t\t<\/div>\n\t\t<\/div>\n\t\t\t\t<div class=\"elementor-column elementor-col-33 elementor-top-column elementor-element elementor-element-f0158aa\" data-id=\"f0158aa\" data-element_type=\"column\" data-e-type=\"column\">\n\t\t\t<div class=\"elementor-widget-wrap\">\n\t\t\t\t\t\t\t<\/div>\n\t\t<\/div>\n\t\t\t\t\t<\/div>\n\t\t<\/section>\n\t\t\t\t<\/div>\n\t\t","protected":false},"excerpt":{"rendered":"<p>Cours de GRAVURE Cours de gravure pour tous niveaux Cours de gravure pour tous niveaux Cours de Gravure Ouest de Paris &#8211; Proche de Saint-Germain-en-Laye \u00ab La gravure, un atelier de d\u00e9couverte o\u00f9 tous les sens sont en \u00e9veil ! On grave, on encre, on imprime, on est en contact avec la mati\u00e8re. Une exp\u00e9rience [&hellip;]<\/p>\n","protected":false},"author":1,"featured_media":0,"parent":0,"menu_order":0,"comment_status":"closed","ping_status":"closed","template":"elementor_header_footer","meta":{"_acf_changed":false,"footnotes":""},"class_list":["post-63","page","type-page","status-publish","hentry"],"acf":[],"aioseo_notices":[],"_links":{"self":[{"href":"https:\/\/www.terre-et-feu.com\/maisons-laffitte\/wp-json\/wp\/v2\/pages\/63","targetHints":{"allow":["GET"]}}],"collection":[{"href":"https:\/\/www.terre-et-feu.com\/maisons-laffitte\/wp-json\/wp\/v2\/pages"}],"about":[{"href":"https:\/\/www.terre-et-feu.com\/maisons-laffitte\/wp-json\/wp\/v2\/types\/page"}],"author":[{"embeddable":true,"href":"https:\/\/www.terre-et-feu.com\/maisons-laffitte\/wp-json\/wp\/v2\/users\/1"}],"replies":[{"embeddable":true,"href":"https:\/\/www.terre-et-feu.com\/maisons-laffitte\/wp-json\/wp\/v2\/comments?post=63"}],"version-history":[{"count":12,"href":"https:\/\/www.terre-et-feu.com\/maisons-laffitte\/wp-json\/wp\/v2\/pages\/63\/revisions"}],"predecessor-version":[{"id":10382,"href":"https:\/\/www.terre-et-feu.com\/maisons-laffitte\/wp-json\/wp\/v2\/pages\/63\/revisions\/10382"}],"wp:attachment":[{"href":"https:\/\/www.terre-et-feu.com\/maisons-laffitte\/wp-json\/wp\/v2\/media?parent=63"}],"curies":[{"name":"wp","href":"https:\/\/api.w.org\/{rel}","templated":true}]}}