{"id":17,"date":"2020-02-25T12:22:43","date_gmt":"2020-02-25T11:22:43","guid":{"rendered":"https:\/\/www.terre-et-feu.com\/rouen\/?page_id=17"},"modified":"2024-06-13T12:09:25","modified_gmt":"2024-06-13T10:09:25","slug":"stages","status":"publish","type":"page","link":"https:\/\/www.terre-et-feu.com\/rouen\/stages\/","title":{"rendered":"Stages"},"content":{"rendered":"\t\t<div data-elementor-type=\"wp-page\" data-elementor-id=\"17\" class=\"elementor elementor-17\" data-elementor-settings=\"{&quot;element_pack_global_tooltip_width&quot;:{&quot;unit&quot;:&quot;px&quot;,&quot;size&quot;:&quot;&quot;,&quot;sizes&quot;:[]},&quot;element_pack_global_tooltip_width_tablet&quot;:{&quot;unit&quot;:&quot;px&quot;,&quot;size&quot;:&quot;&quot;,&quot;sizes&quot;:[]},&quot;element_pack_global_tooltip_width_mobile&quot;:{&quot;unit&quot;:&quot;px&quot;,&quot;size&quot;:&quot;&quot;,&quot;sizes&quot;:[]},&quot;element_pack_global_tooltip_padding&quot;:{&quot;unit&quot;:&quot;px&quot;,&quot;top&quot;:&quot;&quot;,&quot;right&quot;:&quot;&quot;,&quot;bottom&quot;:&quot;&quot;,&quot;left&quot;:&quot;&quot;,&quot;isLinked&quot;:true},&quot;element_pack_global_tooltip_padding_tablet&quot;:{&quot;unit&quot;:&quot;px&quot;,&quot;top&quot;:&quot;&quot;,&quot;right&quot;:&quot;&quot;,&quot;bottom&quot;:&quot;&quot;,&quot;left&quot;:&quot;&quot;,&quot;isLinked&quot;:true},&quot;element_pack_global_tooltip_padding_mobile&quot;:{&quot;unit&quot;:&quot;px&quot;,&quot;top&quot;:&quot;&quot;,&quot;right&quot;:&quot;&quot;,&quot;bottom&quot;:&quot;&quot;,&quot;left&quot;:&quot;&quot;,&quot;isLinked&quot;:true},&quot;element_pack_global_tooltip_border_radius&quot;:{&quot;unit&quot;:&quot;px&quot;,&quot;top&quot;:&quot;&quot;,&quot;right&quot;:&quot;&quot;,&quot;bottom&quot;:&quot;&quot;,&quot;left&quot;:&quot;&quot;,&quot;isLinked&quot;:true},&quot;element_pack_global_tooltip_border_radius_tablet&quot;:{&quot;unit&quot;:&quot;px&quot;,&quot;top&quot;:&quot;&quot;,&quot;right&quot;:&quot;&quot;,&quot;bottom&quot;:&quot;&quot;,&quot;left&quot;:&quot;&quot;,&quot;isLinked&quot;:true},&quot;element_pack_global_tooltip_border_radius_mobile&quot;:{&quot;unit&quot;:&quot;px&quot;,&quot;top&quot;:&quot;&quot;,&quot;right&quot;:&quot;&quot;,&quot;bottom&quot;:&quot;&quot;,&quot;left&quot;:&quot;&quot;,&quot;isLinked&quot;:true}}\" data-elementor-post-type=\"page\">\n\t\t\t\t\t\t<section class=\"elementor-section elementor-top-section elementor-element elementor-element-e270e5f elementor-section-boxed elementor-section-height-default elementor-section-height-default\" data-id=\"e270e5f\" data-element_type=\"section\" data-e-type=\"section\" data-settings=\"{&quot;background_background&quot;:&quot;classic&quot;}\">\n\t\t\t\t\t\t<div class=\"elementor-container elementor-column-gap-default\">\n\t\t\t\t\t<div class=\"elementor-column elementor-col-33 elementor-top-column elementor-element elementor-element-9f12fd5\" data-id=\"9f12fd5\" data-element_type=\"column\" data-e-type=\"column\">\n\t\t\t<div class=\"elementor-widget-wrap\">\n\t\t\t\t\t\t\t<\/div>\n\t\t<\/div>\n\t\t\t\t<div class=\"elementor-column elementor-col-33 elementor-top-column elementor-element elementor-element-c42f417\" data-id=\"c42f417\" data-element_type=\"column\" data-e-type=\"column\" data-settings=\"{&quot;background_background&quot;:&quot;classic&quot;}\">\n\t\t\t<div class=\"elementor-widget-wrap elementor-element-populated\">\n\t\t\t\t\t\t<div class=\"elementor-element elementor-element-f65fa5a elementor-widget elementor-widget-spacer\" data-id=\"f65fa5a\" data-element_type=\"widget\" data-e-type=\"widget\" data-widget_type=\"spacer.default\">\n\t\t\t\t<div class=\"elementor-widget-container\">\n\t\t\t\t\t\t\t<div class=\"elementor-spacer\">\n\t\t\t<div class=\"elementor-spacer-inner\"><\/div>\n\t\t<\/div>\n\t\t\t\t\t\t<\/div>\n\t\t\t\t<\/div>\n\t\t\t\t<div class=\"elementor-element elementor-element-592196a elementor-widget elementor-widget-heading\" data-id=\"592196a\" data-element_type=\"widget\" data-e-type=\"widget\" data-widget_type=\"heading.default\">\n\t\t\t\t<div class=\"elementor-widget-container\">\n\t\t\t\t\t<h2 class=\"elementor-heading-title elementor-size-default\">Stages d'art tous niveaux \u00e0 Rouen<\/h2>\t\t\t\t<\/div>\n\t\t\t\t<\/div>\n\t\t\t\t<div class=\"elementor-element elementor-element-cbf30cb elementor-widget elementor-widget-spacer\" data-id=\"cbf30cb\" data-element_type=\"widget\" data-e-type=\"widget\" data-widget_type=\"spacer.default\">\n\t\t\t\t<div class=\"elementor-widget-container\">\n\t\t\t\t\t\t\t<div class=\"elementor-spacer\">\n\t\t\t<div class=\"elementor-spacer-inner\"><\/div>\n\t\t<\/div>\n\t\t\t\t\t\t<\/div>\n\t\t\t\t<\/div>\n\t\t\t\t\t<\/div>\n\t\t<\/div>\n\t\t\t\t<div class=\"elementor-column elementor-col-33 elementor-top-column elementor-element elementor-element-ce8260b\" data-id=\"ce8260b\" data-element_type=\"column\" data-e-type=\"column\">\n\t\t\t<div class=\"elementor-widget-wrap\">\n\t\t\t\t\t\t\t<\/div>\n\t\t<\/div>\n\t\t\t\t\t<\/div>\n\t\t<\/section>\n\t\t\t\t<section class=\"elementor-section elementor-top-section elementor-element elementor-element-9d84725 elementor-section-boxed elementor-section-height-default elementor-section-height-default\" data-id=\"9d84725\" data-element_type=\"section\" data-e-type=\"section\">\n\t\t\t\t\t\t<div class=\"elementor-container elementor-column-gap-default\">\n\t\t\t\t\t<div class=\"elementor-column elementor-col-33 elementor-top-column elementor-element elementor-element-88a8842\" data-id=\"88a8842\" data-element_type=\"column\" data-e-type=\"column\">\n\t\t\t<div class=\"elementor-widget-wrap\">\n\t\t\t\t\t\t\t<\/div>\n\t\t<\/div>\n\t\t\t\t<div class=\"elementor-column elementor-col-33 elementor-top-column elementor-element elementor-element-8e75f53\" data-id=\"8e75f53\" data-element_type=\"column\" data-e-type=\"column\">\n\t\t\t<div class=\"elementor-widget-wrap elementor-element-populated\">\n\t\t\t\t\t\t<div class=\"elementor-element elementor-element-4c28cfb elementor-widget elementor-widget-text-editor\" data-id=\"4c28cfb\" data-element_type=\"widget\" data-e-type=\"widget\" data-widget_type=\"text-editor.default\">\n\t\t\t\t<div class=\"elementor-widget-container\">\n\t\t\t\t\t\t\t\t\t<p>Stages de formations artistiques pour d\u00e9butants et confirm\u00e9s &#8211; 39 rue du Bac 76000 Rouen.<br>S\u00e9lectionnez la discipline qui vous convient dans le filtre pour d\u00e9couvrir le stage et vous y inscrire :<\/p>\t\t\t\t\t\t\t\t<\/div>\n\t\t\t\t<\/div>\n\t\t\t\t<div class=\"elementor-element elementor-element-78f5727 elementor-widget__width-inherit elementor-widget elementor-widget-heading\" data-id=\"78f5727\" data-element_type=\"widget\" data-e-type=\"widget\" data-widget_type=\"heading.default\">\n\t\t\t\t<div class=\"elementor-widget-container\">\n\t\t\t\t\t<h2 class=\"elementor-heading-title elementor-size-large\">Les stages 2023\/2024 sont en ligne !<\/h2>\t\t\t\t<\/div>\n\t\t\t\t<\/div>\n\t\t\t\t<div class=\"elementor-element elementor-element-ce3156d elementor-widget elementor-widget-lae-portfolio\" data-id=\"ce3156d\" data-element_type=\"widget\" data-e-type=\"widget\" data-settings=\"{&quot;per_line&quot;:&quot;3&quot;,&quot;per_line_tablet&quot;:&quot;2&quot;,&quot;per_line_mobile&quot;:&quot;1&quot;}\" data-widget_type=\"lae-portfolio.default\">\n\t\t\t\t<div class=\"elementor-widget-container\">\n\t\t\t\t\t<div class=\"lae-portfolio-wrap lae-gapless-grid\"><div class=\"lae-portfolio-header  lae-no-heading\"><div class=\"lae-taxonomy-filter\"><div class=\"lae-filter-item segment-0 lae-active\"><a data-value=\"*\" href=\"#\">All<\/a><\/div><div class=\"lae-filter-item segment-1\"><a href=\"#\" data-value=\".term-4\" title=\"View all items filed under C\u00e9ramique\">C\u00e9ramique<\/a><\/div><div class=\"lae-filter-item segment-2\"><a href=\"#\" data-value=\".term-3\" title=\"View all items filed under Dessin Peinture\">Dessin Peinture<\/a><\/div><\/div><\/div><div id=\"lae-portfolio-69d6685fe2d42\" class=\"lae-portfolio js-isotope lae-fitRows lae-grid-container lae-classic-skin lae-grid-desktop-3 lae-grid-tablet-2 lae-grid-mobile-1\" data-isotope-options='{ \"itemSelector\": \".lae-portfolio-item\", \"layoutMode\": \"fitRows\", \"originLeft\": true}'><div data-id=\"id-1947\" class=\"lae-grid-item lae-portfolio-item  term-3\"><article id=\"post-1947\" class=\"post-1947 post type-post status-publish format-standard has-post-thumbnail hentry category-dessin-peinture tag-mai-2024\"><div class=\"lae-project-image\"><a href=\"https:\/\/www.terre-et-feu.com\/rouen\/stage-portrait-peinture-huile-2024\/\"\u030c\u030c><img fetchpriority=\"high\" width=\"425\" height=\"426\" src=\"https:\/\/www.terre-et-feu.com\/rouen\/wp-content\/uploads\/sites\/9\/2024\/06\/macaron_portrait.png\" class=\"lae-image skip-lazy no-lazyload exclude-me a3-notlazy attachment-large size-large\" alt=\"macaron_portrait\" title=\"macaron_portrait\" data-no-lazy=\"1\" loading=\"eager\" decoding=\"sync\" \/><\/a><div class=\"lae-image-info\"><div class=\"lae-entry-info\"><h3 class=\"lae-post-title\"><a href=\"https:\/\/www.terre-et-feu.com\/rouen\/stage-portrait-peinture-huile-2024\/\" title=\"Stage Portrait \u00ab\u00a0Peinture \u00e0 l&rsquo;huile\u00a0\u00bb Juillet 2024\" rel=\"bookmark\">Stage Portrait \u00ab\u00a0Peinture \u00e0 l&rsquo;huile\u00a0\u00bb Juillet 2024<\/a><\/h3><span class=\"lae-terms\"><a href=\"https:\/\/www.terre-et-feu.com\/rouen\/category\/dessin-peinture\/\">Dessin Peinture<\/a><\/span><\/div><\/div><!-- .lae-image-info --><\/div><div class=\"lae-entry-text-wrap \"><h3 class=\"entry-title\"><a href=\"https:\/\/www.terre-et-feu.com\/rouen\/stage-portrait-peinture-huile-2024\/\" title=\"Stage Portrait \u00ab\u00a0Peinture \u00e0 l&rsquo;huile\u00a0\u00bb Juillet 2024\" rel=\"bookmark\">Stage Portrait \u00ab\u00a0Peinture \u00e0 l&rsquo;huile\u00a0\u00bb Juillet 2024<\/a><\/h3><div class=\"lae-entry-meta\"><span class=\"lae-terms\"><a href=\"https:\/\/www.terre-et-feu.com\/rouen\/category\/dessin-peinture\/\">Dessin Peinture<\/a><\/span><\/div><div class=\"entry-summary\">Du lundi 8 au vendredi 12 juillet 2024, de 14h \u00e0 17h Stage Portrait- Peinture \u00e0 l&rsquo;huile\u00a0 OBJECTIFS PEDAGOGIQUES :L&rsquo;objectif est de comprendre comment construire un portrait \u00e0 la peinture \u00e0 l\u2019huile, des premi\u00e8res \u00e9tapes du dessin jusqu\u2019\u00e0 la peinture, en passant par les formes, les couleurs et l\u2019harmonie. Donner \u00e0 l\u2019\u00e9l\u00e8ve les bases n\u00e9cessaires [&hellip;]<\/div><\/div><\/article><!-- .hentry --><\/div><div data-id=\"id-2028\" class=\"lae-grid-item lae-portfolio-item  term-4\"><article id=\"post-2028\" class=\"post-2028 post type-post status-publish format-standard has-post-thumbnail hentry category-ceramique tag-juin-2024\"><div class=\"lae-project-image\"><a href=\"https:\/\/www.terre-et-feu.com\/rouen\/stage-tournage-argiles-et-poterie-juillet-2024\/\"\u030c\u030c><img width=\"425\" height=\"425\" src=\"https:\/\/www.terre-et-feu.com\/rouen\/wp-content\/uploads\/sites\/9\/2024\/06\/macaron_tournage-1.png\" class=\"lae-image skip-lazy no-lazyload exclude-me a3-notlazy attachment-large size-large\" alt=\"macaron_tournage\" title=\"macaron_tournage\" data-no-lazy=\"1\" loading=\"eager\" decoding=\"sync\" \/><\/a><div class=\"lae-image-info\"><div class=\"lae-entry-info\"><h3 class=\"lae-post-title\"><a href=\"https:\/\/www.terre-et-feu.com\/rouen\/stage-tournage-argiles-et-poterie-juillet-2024\/\" title=\"Stage Tournage \u00ab\u00a0Argiles &amp; Poterie\u00a0\u00bb Juillet 2024\" rel=\"bookmark\">Stage Tournage \u00ab\u00a0Argiles &amp; Poterie\u00a0\u00bb Juillet 2024<\/a><\/h3><span class=\"lae-terms\"><a href=\"https:\/\/www.terre-et-feu.com\/rouen\/category\/ceramique\/\">C\u00e9ramique<\/a><\/span><\/div><\/div><!-- .lae-image-info --><\/div><div class=\"lae-entry-text-wrap \"><h3 class=\"entry-title\"><a href=\"https:\/\/www.terre-et-feu.com\/rouen\/stage-tournage-argiles-et-poterie-juillet-2024\/\" title=\"Stage Tournage \u00ab\u00a0Argiles &amp; Poterie\u00a0\u00bb Juillet 2024\" rel=\"bookmark\">Stage Tournage \u00ab\u00a0Argiles &amp; Poterie\u00a0\u00bb Juillet 2024<\/a><\/h3><div class=\"lae-entry-meta\"><span class=\"lae-terms\"><a href=\"https:\/\/www.terre-et-feu.com\/rouen\/category\/ceramique\/\">C\u00e9ramique<\/a><\/span><\/div><div class=\"entry-summary\">Du lundi 8 au mercredi 10 juillet 2024, de 9h30 \u00e0 12h30 Stage Portrait- Peinture \u00e0 l&rsquo;huile.\u00a0 OBJECTIFS PEDAGOGIQUES :-L&rsquo;objectif est de d\u00e9couvrir et s&rsquo;immerger dans la pratique du tour de potier.-Fa\u00e7onner jusqu&rsquo;\u00e0 6 pi\u00e8ces, qui seront ensuite cuites et \u00e9maill\u00e9es par nos soins. MOYENS TECHNIQUES :Argile rouge (fa\u00efence), tours de potiers, outillages, \u00e9maillage et [&hellip;]<\/div><\/div><\/article><!-- .hentry --><\/div><div data-id=\"id-380\" class=\"lae-grid-item lae-portfolio-item  term-3\"><article id=\"post-380\" class=\"post-380 post type-post status-publish format-standard has-post-thumbnail hentry category-dessin-peinture tag-juillet-2024\"><div class=\"lae-project-image\"><a href=\"https:\/\/www.terre-et-feu.com\/rouen\/stage-dessin-juillet-2024\/\"\u030c\u030c><img width=\"427\" height=\"427\" src=\"https:\/\/www.terre-et-feu.com\/rouen\/wp-content\/uploads\/sites\/9\/2024\/06\/macaron-dessin.png\" class=\"lae-image skip-lazy no-lazyload exclude-me a3-notlazy attachment-large size-large\" alt=\"macaron-dessin\" title=\"macaron-dessin\" data-no-lazy=\"1\" loading=\"eager\" decoding=\"sync\" \/><\/a><div class=\"lae-image-info\"><div class=\"lae-entry-info\"><h3 class=\"lae-post-title\"><a href=\"https:\/\/www.terre-et-feu.com\/rouen\/stage-dessin-juillet-2024\/\" title=\"Stage Dessin \u00ab\u00a0Et si on partait sur de bonnes bases?..\u00a0\u00bb Juillet 2024\" rel=\"bookmark\">Stage Dessin \u00ab\u00a0Et si on partait sur de bonnes bases?..\u00a0\u00bb Juillet 2024<\/a><\/h3><span class=\"lae-terms\"><a href=\"https:\/\/www.terre-et-feu.com\/rouen\/category\/dessin-peinture\/\">Dessin Peinture<\/a><\/span><\/div><\/div><!-- .lae-image-info --><\/div><div class=\"lae-entry-text-wrap \"><h3 class=\"entry-title\"><a href=\"https:\/\/www.terre-et-feu.com\/rouen\/stage-dessin-juillet-2024\/\" title=\"Stage Dessin \u00ab\u00a0Et si on partait sur de bonnes bases?..\u00a0\u00bb Juillet 2024\" rel=\"bookmark\">Stage Dessin \u00ab\u00a0Et si on partait sur de bonnes bases?..\u00a0\u00bb Juillet 2024<\/a><\/h3><div class=\"lae-entry-meta\"><span class=\"lae-terms\"><a href=\"https:\/\/www.terre-et-feu.com\/rouen\/category\/dessin-peinture\/\">Dessin Peinture<\/a><\/span><\/div><div class=\"entry-summary\">Du Lundi 8 au vendredi 12 juillet 2024, de 10h \u00e0 13h Et si on partait sur de bonnes bases?&#8230;de Dessin ? OBJECTIFS PEDAGOGIQUES :En ce qui concerne le dessin, il est primordial de poss\u00e9der des basestechniques solides, car elles permettent d\u2019\u00e9viter de nombreuseserreurs et sont, bien souvent, un gain de temps pr\u00e9cieux. MOYENS TECHNIQUES [&hellip;]<\/div><\/div><\/article><!-- .hentry --><\/div><\/div><!-- .lae-portfolio --><\/div><!-- .lae-portfolio-wrap -->\t\t\t\t<\/div>\n\t\t\t\t<\/div>\n\t\t\t\t\t<\/div>\n\t\t<\/div>\n\t\t\t\t<div class=\"elementor-column elementor-col-33 elementor-top-column elementor-element elementor-element-7e26fa0\" data-id=\"7e26fa0\" data-element_type=\"column\" data-e-type=\"column\">\n\t\t\t<div class=\"elementor-widget-wrap\">\n\t\t\t\t\t\t\t<\/div>\n\t\t<\/div>\n\t\t\t\t\t<\/div>\n\t\t<\/section>\n\t\t\t\t<section class=\"elementor-section elementor-top-section elementor-element elementor-element-17ac1f4 elementor-section-boxed elementor-section-height-default elementor-section-height-default\" data-id=\"17ac1f4\" data-element_type=\"section\" data-e-type=\"section\">\n\t\t\t\t\t\t<div class=\"elementor-container elementor-column-gap-default\">\n\t\t\t\t\t<div class=\"elementor-column elementor-col-100 elementor-top-column elementor-element elementor-element-9644682\" data-id=\"9644682\" data-element_type=\"column\" data-e-type=\"column\">\n\t\t\t<div class=\"elementor-widget-wrap\">\n\t\t\t\t\t\t\t<\/div>\n\t\t<\/div>\n\t\t\t\t\t<\/div>\n\t\t<\/section>\n\t\t\t\t<\/div>\n\t\t","protected":false},"excerpt":{"rendered":"<p>Stages d&rsquo;art tous niveaux \u00e0 Rouen Stages de formations artistiques pour d\u00e9butants et confirm\u00e9s &#8211; 39 rue du Bac 76000 Rouen. S\u00e9lectionnez la discipline qui vous convient dans le filtre pour d\u00e9couvrir le stage et vous y inscrire : Les stages 2023\/2024 sont en ligne ! AllDessin PeintureJuniors Stage Manga \u00ab\u00a0WE ARE JUMP HEROES\u00a0\u00bb Decembre [&hellip;]<\/p>\n","protected":false},"author":7,"featured_media":0,"parent":0,"menu_order":0,"comment_status":"closed","ping_status":"closed","template":"elementor_header_footer","meta":{"footnotes":""},"class_list":["post-17","page","type-page","status-publish","hentry"],"_links":{"self":[{"href":"https:\/\/www.terre-et-feu.com\/rouen\/wp-json\/wp\/v2\/pages\/17","targetHints":{"allow":["GET"]}}],"collection":[{"href":"https:\/\/www.terre-et-feu.com\/rouen\/wp-json\/wp\/v2\/pages"}],"about":[{"href":"https:\/\/www.terre-et-feu.com\/rouen\/wp-json\/wp\/v2\/types\/page"}],"author":[{"embeddable":true,"href":"https:\/\/www.terre-et-feu.com\/rouen\/wp-json\/wp\/v2\/users\/7"}],"replies":[{"embeddable":true,"href":"https:\/\/www.terre-et-feu.com\/rouen\/wp-json\/wp\/v2\/comments?post=17"}],"version-history":[{"count":44,"href":"https:\/\/www.terre-et-feu.com\/rouen\/wp-json\/wp\/v2\/pages\/17\/revisions"}],"predecessor-version":[{"id":2047,"href":"https:\/\/www.terre-et-feu.com\/rouen\/wp-json\/wp\/v2\/pages\/17\/revisions\/2047"}],"wp:attachment":[{"href":"https:\/\/www.terre-et-feu.com\/rouen\/wp-json\/wp\/v2\/media?parent=17"}],"curies":[{"name":"wp","href":"https:\/\/api.w.org\/{rel}","templated":true}]}}