{"id":233,"date":"2020-02-26T11:22:15","date_gmt":"2020-02-26T10:22:15","guid":{"rendered":"https:\/\/www.terre-et-feu.com\/rouen\/?page_id=233"},"modified":"2023-03-09T09:36:57","modified_gmt":"2023-03-09T08:36:57","slug":"acces","status":"publish","type":"page","link":"https:\/\/www.terre-et-feu.com\/rouen\/acces\/","title":{"rendered":"Acc\u00e8s"},"content":{"rendered":"\t\t<div data-elementor-type=\"wp-page\" data-elementor-id=\"233\" class=\"elementor elementor-233\" data-elementor-settings=\"{&quot;element_pack_global_tooltip_width&quot;:{&quot;unit&quot;:&quot;px&quot;,&quot;size&quot;:&quot;&quot;,&quot;sizes&quot;:[]},&quot;element_pack_global_tooltip_width_tablet&quot;:{&quot;unit&quot;:&quot;px&quot;,&quot;size&quot;:&quot;&quot;,&quot;sizes&quot;:[]},&quot;element_pack_global_tooltip_width_mobile&quot;:{&quot;unit&quot;:&quot;px&quot;,&quot;size&quot;:&quot;&quot;,&quot;sizes&quot;:[]},&quot;element_pack_global_tooltip_padding&quot;:{&quot;unit&quot;:&quot;px&quot;,&quot;top&quot;:&quot;&quot;,&quot;right&quot;:&quot;&quot;,&quot;bottom&quot;:&quot;&quot;,&quot;left&quot;:&quot;&quot;,&quot;isLinked&quot;:true},&quot;element_pack_global_tooltip_padding_tablet&quot;:{&quot;unit&quot;:&quot;px&quot;,&quot;top&quot;:&quot;&quot;,&quot;right&quot;:&quot;&quot;,&quot;bottom&quot;:&quot;&quot;,&quot;left&quot;:&quot;&quot;,&quot;isLinked&quot;:true},&quot;element_pack_global_tooltip_padding_mobile&quot;:{&quot;unit&quot;:&quot;px&quot;,&quot;top&quot;:&quot;&quot;,&quot;right&quot;:&quot;&quot;,&quot;bottom&quot;:&quot;&quot;,&quot;left&quot;:&quot;&quot;,&quot;isLinked&quot;:true},&quot;element_pack_global_tooltip_border_radius&quot;:{&quot;unit&quot;:&quot;px&quot;,&quot;top&quot;:&quot;&quot;,&quot;right&quot;:&quot;&quot;,&quot;bottom&quot;:&quot;&quot;,&quot;left&quot;:&quot;&quot;,&quot;isLinked&quot;:true},&quot;element_pack_global_tooltip_border_radius_tablet&quot;:{&quot;unit&quot;:&quot;px&quot;,&quot;top&quot;:&quot;&quot;,&quot;right&quot;:&quot;&quot;,&quot;bottom&quot;:&quot;&quot;,&quot;left&quot;:&quot;&quot;,&quot;isLinked&quot;:true},&quot;element_pack_global_tooltip_border_radius_mobile&quot;:{&quot;unit&quot;:&quot;px&quot;,&quot;top&quot;:&quot;&quot;,&quot;right&quot;:&quot;&quot;,&quot;bottom&quot;:&quot;&quot;,&quot;left&quot;:&quot;&quot;,&quot;isLinked&quot;:true}}\" data-elementor-post-type=\"page\">\n\t\t\t\t\t\t<section class=\"elementor-section elementor-top-section elementor-element elementor-element-ca714e5 elementor-section-boxed elementor-section-height-default elementor-section-height-default\" data-id=\"ca714e5\" data-element_type=\"section\" data-e-type=\"section\" data-settings=\"{&quot;background_background&quot;:&quot;classic&quot;}\">\n\t\t\t\t\t\t<div class=\"elementor-container elementor-column-gap-default\">\n\t\t\t\t\t<div class=\"elementor-column elementor-col-33 elementor-top-column elementor-element elementor-element-d903068\" data-id=\"d903068\" data-element_type=\"column\" data-e-type=\"column\">\n\t\t\t<div class=\"elementor-widget-wrap\">\n\t\t\t\t\t\t\t<\/div>\n\t\t<\/div>\n\t\t\t\t<div class=\"elementor-column elementor-col-33 elementor-top-column elementor-element elementor-element-cea7c9b\" data-id=\"cea7c9b\" data-element_type=\"column\" data-e-type=\"column\" data-settings=\"{&quot;background_background&quot;:&quot;classic&quot;}\">\n\t\t\t<div class=\"elementor-widget-wrap elementor-element-populated\">\n\t\t\t\t\t\t<div class=\"elementor-element elementor-element-e46c01e elementor-widget elementor-widget-spacer\" data-id=\"e46c01e\" data-element_type=\"widget\" data-e-type=\"widget\" data-widget_type=\"spacer.default\">\n\t\t\t\t<div class=\"elementor-widget-container\">\n\t\t\t\t\t\t\t<div class=\"elementor-spacer\">\n\t\t\t<div class=\"elementor-spacer-inner\"><\/div>\n\t\t<\/div>\n\t\t\t\t\t\t<\/div>\n\t\t\t\t<\/div>\n\t\t\t\t<div class=\"elementor-element elementor-element-46bcd0d elementor-widget elementor-widget-heading\" data-id=\"46bcd0d\" data-element_type=\"widget\" data-e-type=\"widget\" data-widget_type=\"heading.default\">\n\t\t\t\t<div class=\"elementor-widget-container\">\n\t\t\t\t\t<h1 class=\"elementor-heading-title elementor-size-default\">Acc\u00e8s Terre &amp; Feu Rouen<\/h1>\t\t\t\t<\/div>\n\t\t\t\t<\/div>\n\t\t\t\t<div class=\"elementor-element elementor-element-2e2f831 elementor-widget elementor-widget-spacer\" data-id=\"2e2f831\" data-element_type=\"widget\" data-e-type=\"widget\" data-widget_type=\"spacer.default\">\n\t\t\t\t<div class=\"elementor-widget-container\">\n\t\t\t\t\t\t\t<div class=\"elementor-spacer\">\n\t\t\t<div class=\"elementor-spacer-inner\"><\/div>\n\t\t<\/div>\n\t\t\t\t\t\t<\/div>\n\t\t\t\t<\/div>\n\t\t\t\t\t<\/div>\n\t\t<\/div>\n\t\t\t\t<div class=\"elementor-column elementor-col-33 elementor-top-column elementor-element elementor-element-be38f9a\" data-id=\"be38f9a\" data-element_type=\"column\" data-e-type=\"column\">\n\t\t\t<div class=\"elementor-widget-wrap\">\n\t\t\t\t\t\t\t<\/div>\n\t\t<\/div>\n\t\t\t\t\t<\/div>\n\t\t<\/section>\n\t\t\t\t<section class=\"elementor-section elementor-top-section elementor-element elementor-element-528a680 elementor-section-boxed elementor-section-height-default elementor-section-height-default\" data-id=\"528a680\" data-element_type=\"section\" data-e-type=\"section\">\n\t\t\t\t\t\t<div class=\"elementor-container elementor-column-gap-default\">\n\t\t\t\t\t<div class=\"elementor-column elementor-col-50 elementor-top-column elementor-element elementor-element-b748b86\" data-id=\"b748b86\" data-element_type=\"column\" data-e-type=\"column\">\n\t\t\t<div class=\"elementor-widget-wrap\">\n\t\t\t\t\t\t\t<\/div>\n\t\t<\/div>\n\t\t\t\t<div class=\"elementor-column elementor-col-50 elementor-top-column elementor-element elementor-element-4584974\" data-id=\"4584974\" data-element_type=\"column\" data-e-type=\"column\">\n\t\t\t<div class=\"elementor-widget-wrap elementor-element-populated\">\n\t\t\t\t\t\t<div class=\"elementor-element elementor-element-553bc74 elementor-widget elementor-widget-heading\" data-id=\"553bc74\" data-element_type=\"widget\" data-e-type=\"widget\" data-widget_type=\"heading.default\">\n\t\t\t\t<div class=\"elementor-widget-container\">\n\t\t\t\t\t<h1 class=\"elementor-heading-title elementor-size-small\">Terre &amp; Feu Rouen<\/h1>\t\t\t\t<\/div>\n\t\t\t\t<\/div>\n\t\t\t\t<section class=\"elementor-section elementor-inner-section elementor-element elementor-element-88f8153 elementor-section-boxed elementor-section-height-default elementor-section-height-default\" data-id=\"88f8153\" data-element_type=\"section\" data-e-type=\"section\">\n\t\t\t\t\t\t<div class=\"elementor-container elementor-column-gap-default\">\n\t\t\t\t\t<div class=\"elementor-column elementor-col-50 elementor-inner-column elementor-element elementor-element-73b6cd5\" data-id=\"73b6cd5\" data-element_type=\"column\" data-e-type=\"column\">\n\t\t\t<div class=\"elementor-widget-wrap elementor-element-populated\">\n\t\t\t\t\t\t<div class=\"elementor-element elementor-element-74bbb51 elementor-widget elementor-widget-image\" data-id=\"74bbb51\" data-element_type=\"widget\" data-e-type=\"widget\" data-widget_type=\"image.default\">\n\t\t\t\t<div class=\"elementor-widget-container\">\n\t\t\t\t\t\t\t\t\t\t\t\t\t\t\t<img fetchpriority=\"high\" decoding=\"async\" width=\"344\" height=\"339\" src=\"https:\/\/www.terre-et-feu.com\/rouen\/wp-content\/uploads\/sites\/9\/2020\/02\/atelier_rouen-.jpg\" class=\"attachment-full size-full wp-image-113\" alt=\"\" \/>\t\t\t\t\t\t\t\t\t\t\t\t\t\t\t<\/div>\n\t\t\t\t<\/div>\n\t\t\t\t\t<\/div>\n\t\t<\/div>\n\t\t\t\t<div class=\"elementor-column elementor-col-50 elementor-inner-column elementor-element elementor-element-3cef5a7\" data-id=\"3cef5a7\" data-element_type=\"column\" data-e-type=\"column\">\n\t\t\t<div class=\"elementor-widget-wrap elementor-element-populated\">\n\t\t\t\t\t\t<div class=\"elementor-element elementor-element-5421823 elementor-widget elementor-widget-text-editor\" data-id=\"5421823\" data-element_type=\"widget\" data-e-type=\"widget\" data-widget_type=\"text-editor.default\">\n\t\t\t\t<div class=\"elementor-widget-container\">\n\t\t\t\t\t\t\t\t\t<p><strong>Terre &amp; Feu Rouen<br \/>Renseignements\u00a0:<\/strong> <strong>Nad\u00e8ge<\/strong> <strong>Blanc<\/strong><br \/><strong>39 rue du Bac 76000 Rouen<br \/>T\u00e9l :<span style=\"color: #ff9900\"> 02 35 70 80 22<\/span><br \/><a title=\"adresse mail\" href=\"mailto:rouen@terre-et-feu.com\">rouen@terre-et-feu.com<\/a><\/strong><\/p><p><strong>Les locaux ne sont pas accessibles <span style=\"text-decoration: underline\">aux personnes \u00e0 mobilit\u00e9 r\u00e9duite<\/span><br \/><\/strong><br \/><strong>Quelques pistes pour nous rendre visite \u00e0 l\u2019\u00e9cole d\u2019art\u2026<\/strong><br \/>&gt; D\u00e9part d\u2019Amfreville la Mivoie : Bus N\u00b011 Arr\u00eat Champs de Mars<br \/>&gt; D\u00e9part de Bihorel : T2 Arr\u00eat R\u00e9publique<br \/>&gt; D\u00e9part de Bois-Guillaume : F1 Arr\u00eat R\u00e9publique<br \/>&gt; D\u00e9part Bonsecours, Mesnil Esnard, Franqueville saint Pierre: F5 Arr\u00eat R\u00e9publique D\u00e9part de Canteleu : T3 Arr\u00eat Cath\u00e9drale<br \/>&gt; D\u00e9part de Darn\u00e9tal : T3 Arr\u00eat R\u00e9publique<br \/>&gt; D\u00e9part de D\u00e9ville les Rouen, Maromme, Notre Dame de Bondeville : T2 Arr\u00eat Cath\u00e9drale D\u00e9part de Grand Quevilly, Petit Quevilly : M\u00e9tro Arr\u00eat Th\u00e9\u00e2tre des Arts<br \/>&gt; D\u00e9part de Mont-saint-Aignan (Fac) : T1 Arr\u00eat Cath\u00e9drale<br \/>&gt; D\u00e9part de Mont-saint-Aignan village : F2 Arr\u00eat Beaux Arts<br \/>&gt; D\u00e9part de Mont-saint-Aignan (Bullins) : Bus N\u00b08 Arr\u00eat Th\u00e9\u00e2tre des Arts<br \/>&gt; D\u00e9part de Sotteville l\u00e8s Rouen : M\u00e9tro Arr\u00eat Th\u00e9\u00e2tre des Arts<\/p>\t\t\t\t\t\t\t\t<\/div>\n\t\t\t\t<\/div>\n\t\t\t\t\t<\/div>\n\t\t<\/div>\n\t\t\t\t\t<\/div>\n\t\t<\/section>\n\t\t\t\t\t<\/div>\n\t\t<\/div>\n\t\t\t\t\t<\/div>\n\t\t<\/section>\n\t\t\t\t<\/div>\n\t\t","protected":false},"excerpt":{"rendered":"<p>Acc\u00e8s Terre &amp; Feu Rouen Terre &amp; Feu Rouen Terre &amp; Feu RouenRenseignements\u00a0: Nad\u00e8ge Blanc39 rue du Bac 76000 RouenT\u00e9l : 02 35 70 80 22rouen@terre-et-feu.com Les locaux ne sont pas accessibles aux personnes \u00e0 mobilit\u00e9 r\u00e9duiteQuelques pistes pour nous rendre visite \u00e0 l\u2019\u00e9cole d\u2019art\u2026&gt; D\u00e9part d\u2019Amfreville la Mivoie : Bus N\u00b011 Arr\u00eat Champs de [&hellip;]<\/p>\n","protected":false},"author":1,"featured_media":0,"parent":0,"menu_order":0,"comment_status":"closed","ping_status":"closed","template":"elementor_header_footer","meta":{"footnotes":""},"class_list":["post-233","page","type-page","status-publish","hentry"],"_links":{"self":[{"href":"https:\/\/www.terre-et-feu.com\/rouen\/wp-json\/wp\/v2\/pages\/233","targetHints":{"allow":["GET"]}}],"collection":[{"href":"https:\/\/www.terre-et-feu.com\/rouen\/wp-json\/wp\/v2\/pages"}],"about":[{"href":"https:\/\/www.terre-et-feu.com\/rouen\/wp-json\/wp\/v2\/types\/page"}],"author":[{"embeddable":true,"href":"https:\/\/www.terre-et-feu.com\/rouen\/wp-json\/wp\/v2\/users\/1"}],"replies":[{"embeddable":true,"href":"https:\/\/www.terre-et-feu.com\/rouen\/wp-json\/wp\/v2\/comments?post=233"}],"version-history":[{"count":20,"href":"https:\/\/www.terre-et-feu.com\/rouen\/wp-json\/wp\/v2\/pages\/233\/revisions"}],"predecessor-version":[{"id":1739,"href":"https:\/\/www.terre-et-feu.com\/rouen\/wp-json\/wp\/v2\/pages\/233\/revisions\/1739"}],"wp:attachment":[{"href":"https:\/\/www.terre-et-feu.com\/rouen\/wp-json\/wp\/v2\/media?parent=233"}],"curies":[{"name":"wp","href":"https:\/\/api.w.org\/{rel}","templated":true}]}}